CRAN Package Check Results for Package MOEADr

Last updated on 2022-07-01 11:52:05 CEST.

Flavor Version Tinstall Tcheck Ttotal Status Flags
r-devel-linux-x86_64-debian-clang 1.1.1 4.48 173.81 178.29 NOTE
r-devel-linux-x86_64-debian-gcc 1.1.1 4.17 127.06 131.23 NOTE
r-devel-linux-x86_64-fedora-clang 1.1.1 227.64 NOTE
r-devel-linux-x86_64-fedora-gcc 1.1.1 230.81 NOTE
r-devel-windows-x86_64 1.1.1 55.00 231.00 286.00 NOTE
r-patched-linux-x86_64 1.1.1 7.33 175.22 182.55 NOTE
r-release-linux-x86_64 1.1.1 4.60 172.02 176.62 NOTE
r-release-macos-arm64 1.1.1 113.00 NOTE
r-release-macos-x86_64 1.1.1 119.00 NOTE
r-release-windows-x86_64 1.1.1 53.00 225.00 278.00 NOTE
r-oldrel-macos-arm64 1.1.1 172.00 NOTE
r-oldrel-macos-x86_64 1.1.1 192.00 NOTE
r-oldrel-windows-ix86+x86_64 1.1.1 10.00 188.00 198.00 NOTE

Check Details

Version: 1.1.1
Check: LazyData
Result: NOTE
     'LazyData' is specified without a 'data' directory
Flavors: r-devel-linux-x86_64-debian-clang, r-devel-linux-x86_64-debian-gcc, r-devel-linux-x86_64-fedora-clang, r-devel-linux-x86_64-fedora-gcc, r-devel-windows-x86_64, r-patched-linux-x86_64, r-release-linux-x86_64, r-release-macos-arm64, r-release-macos-x86_64, r-release-windows-x86_64, r-oldrel-macos-arm64, r-oldrel-macos-x86_64, r-oldrel-windows-ix86+x86_64