Last updated on 2025-04-29 12:52:41 CEST.
Flavor | Version | Tinstall | Tcheck | Ttotal | Status | Flags |
---|---|---|---|---|---|---|
r-devel-linux-x86_64-debian-clang | 1.0.1 | 2.05 | 20.73 | 22.78 | NOTE | |
r-devel-linux-x86_64-debian-gcc | 1.0.1 | 1.40 | 16.33 | 17.73 | NOTE | |
r-devel-linux-x86_64-fedora-clang | 1.0.1 | 34.84 | OK | |||
r-devel-linux-x86_64-fedora-gcc | 1.0.1 | 33.32 | OK | |||
r-devel-windows-x86_64 | 1.0.1 | 2.00 | 40.00 | 42.00 | OK | |
r-patched-linux-x86_64 | 1.0.1 | 1.89 | 19.73 | 21.62 | OK | |
r-release-linux-x86_64 | 1.0.1 | 2.01 | 19.77 | 21.78 | OK | |
r-release-macos-arm64 | 1.0.1 | 16.00 | OK | |||
r-release-macos-x86_64 | 1.0.1 | 25.00 | OK | |||
r-release-windows-x86_64 | 1.0.1 | 4.00 | 40.00 | 44.00 | OK | |
r-oldrel-macos-arm64 | 1.0.1 | 15.00 | OK | |||
r-oldrel-macos-x86_64 | 1.0.1 | 21.00 | OK | |||
r-oldrel-windows-x86_64 | 1.0.1 | 4.00 | 39.00 | 43.00 | OK |
Version: 1.0.1
Check: CRAN incoming feasibility
Result: NOTE
Maintainer: ‘Jan Graffelman <jan.graffelman@upc.edu>’
Package CITATION file contains call(s) to old-style personList() or
as.personList(). Please use c() on person objects instead.
Package CITATION file contains call(s) to old-style citEntry(). Please
use bibentry() instead.
Flavors: r-devel-linux-x86_64-debian-clang, r-devel-linux-x86_64-debian-gcc