Last updated on 2024-04-19 11:56:52 CEST.
Flavor | Version | Tinstall | Tcheck | Ttotal | Status | Flags |
---|---|---|---|---|---|---|
r-devel-linux-x86_64-debian-clang | 0.1.4 | 167.88 | 149.27 | 317.15 | NOTE | |
r-devel-linux-x86_64-debian-gcc | 0.1.4 | NOTE | ||||
r-devel-linux-x86_64-fedora-clang | 0.1.4 | 373.54 | NOTE | |||
r-devel-linux-x86_64-fedora-gcc | 0.1.4 | 428.27 | NOTE | |||
r-prerel-macos-arm64 | 0.1.4 | 114.00 | NOTE | |||
r-prerel-windows-x86_64 | 0.1.4 | 110.00 | 146.00 | 256.00 | NOTE | |
r-patched-linux-x86_64 | 0.1.4 | 153.88 | 141.75 | 295.63 | NOTE | |
r-release-linux-x86_64 | 0.1.4 | 158.10 | 146.38 | 304.48 | NOTE | |
r-release-macos-arm64 | 0.1.4 | 141.00 | NOTE | |||
r-release-macos-x86_64 | 0.1.4 | 168.00 | NOTE | |||
r-release-windows-x86_64 | 0.1.4 | 132.00 | 189.00 | 321.00 | NOTE | |
r-oldrel-macos-arm64 | 0.1.4 | 122.00 | NOTE | |||
r-oldrel-windows-x86_64 | 0.1.4 | 122.00 | 180.00 | 302.00 | NOTE |
Version: 0.1.4
Check: package subdirectories
Result: NOTE
Problems with news in ‘NEWS.md’:
No news entries found.
Flavors: r-devel-linux-x86_64-debian-clang, r-devel-linux-x86_64-debian-gcc, r-devel-linux-x86_64-fedora-clang, r-devel-linux-x86_64-fedora-gcc, r-prerel-macos-arm64, r-prerel-windows-x86_64, r-patched-linux-x86_64, r-release-linux-x86_64, r-release-macos-arm64, r-release-macos-x86_64, r-release-windows-x86_64
Version: 0.1.4
Check: installed package size
Result: NOTE
installed size is 50.2Mb
sub-directories of 1Mb or more:
libs 49.7Mb
Flavors: r-prerel-macos-arm64, r-prerel-windows-x86_64, r-release-macos-arm64, r-release-macos-x86_64, r-release-windows-x86_64, r-oldrel-macos-arm64, r-oldrel-windows-x86_64