Last updated on 2022-07-06 12:53:40 CEST.
Flavor | Version | Tinstall | Tcheck | Ttotal | Status | Flags |
---|---|---|---|---|---|---|
r-devel-linux-x86_64-debian-clang | 0.4.901 | 4.39 | 57.23 | 61.62 | NOTE | |
r-devel-linux-x86_64-debian-gcc | 0.4.901 | 3.26 | 43.53 | 46.79 | NOTE | |
r-devel-linux-x86_64-fedora-clang | 0.4.901 | 87.64 | NOTE | |||
r-devel-linux-x86_64-fedora-gcc | 0.4.901 | 85.67 | NOTE | |||
r-devel-windows-x86_64 | 0.4.901 | 30.00 | 116.00 | 146.00 | NOTE | |
r-patched-linux-x86_64 | 0.4.901 | 3.27 | 54.65 | 57.92 | OK | |
r-release-linux-x86_64 | 0.4.901 | 3.54 | 54.24 | 57.78 | OK | |
r-release-macos-arm64 | 0.4.901 | 30.00 | OK | |||
r-release-macos-x86_64 | 0.4.901 | 42.00 | OK | |||
r-release-windows-x86_64 | 0.4.901 | 28.00 | 117.00 | 145.00 | OK | |
r-oldrel-macos-arm64 | 0.4.901 | 28.00 | OK | |||
r-oldrel-macos-x86_64 | 0.4.901 | 39.00 | OK | |||
r-oldrel-windows-ix86+x86_64 | 0.4.901 | 7.00 | 102.00 | 109.00 | OK |
Version: 0.4.901
Check: Rd files
Result: NOTE
checkRd: (-1) AutumnLab.Rd:27: Escaped LaTeX specials: \&
checkRd: (-1) binom.diagnostics.Rd:34: Escaped LaTeX specials: \&
Flavors: r-devel-linux-x86_64-debian-clang, r-devel-linux-x86_64-debian-gcc, r-devel-linux-x86_64-fedora-clang, r-devel-linux-x86_64-fedora-gcc, r-devel-windows-x86_64