CRAN Package Check Results for Package MLCM

Last updated on 2025-04-29 12:52:41 CEST.

Flavor Version Tinstall Tcheck Ttotal Status Flags
r-devel-linux-x86_64-debian-clang 0.4.3 2.15 25.16 27.31 NOTE
r-devel-linux-x86_64-debian-gcc 0.4.3 1.75 19.36 21.11 NOTE
r-devel-linux-x86_64-fedora-clang 0.4.3 43.32 NOTE
r-devel-linux-x86_64-fedora-gcc 0.4.3 41.59 NOTE
r-devel-windows-x86_64 0.4.3 4.00 48.00 52.00 NOTE
r-patched-linux-x86_64 0.4.3 2.22 24.01 26.23 NOTE
r-release-linux-x86_64 0.4.3 2.28 24.14 26.42 NOTE
r-release-macos-arm64 0.4.3 20.00 NOTE
r-release-macos-x86_64 0.4.3 31.00 NOTE
r-release-windows-x86_64 0.4.3 3.00 49.00 52.00 NOTE
r-oldrel-macos-arm64 0.4.3 18.00 NOTE
r-oldrel-macos-x86_64 0.4.3 25.00 NOTE
r-oldrel-windows-x86_64 0.4.3 4.00 48.00 52.00 NOTE

Check Details

Version: 0.4.3
Check: Rd files
Result: NOTE checkRd: (-1) Texture.Rd:35: Escaped LaTeX specials: \& checkRd: (-1) binom.diagnostics.Rd:33: Escaped LaTeX specials: \& Flavors: r-devel-linux-x86_64-debian-clang, r-devel-linux-x86_64-debian-gcc, r-devel-linux-x86_64-fedora-clang, r-devel-linux-x86_64-fedora-gcc, r-devel-windows-x86_64, r-patched-linux-x86_64, r-release-linux-x86_64, r-release-macos-arm64, r-release-macos-x86_64, r-release-windows-x86_64, r-oldrel-macos-arm64, r-oldrel-macos-x86_64, r-oldrel-windows-x86_64