CRAN Package Check Results for Package MKendall

Last updated on 2025-04-29 12:52:41 CEST.

Flavor Version Tinstall Tcheck Ttotal Status Flags
r-devel-linux-x86_64-debian-clang 1.5-4 1.57 16.99 18.56 NOTE
r-devel-linux-x86_64-debian-gcc 1.5-4 1.33 13.77 15.10 NOTE
r-devel-linux-x86_64-fedora-clang 1.5-4 28.69 OK
r-devel-linux-x86_64-fedora-gcc 1.5-4 27.59 OK
r-devel-windows-x86_64 1.5-4 3.00 35.00 38.00 OK
r-patched-linux-x86_64 1.5-4 1.56 16.46 18.02 OK
r-release-linux-x86_64 1.5-4 1.57 16.48 18.05 OK
r-release-macos-arm64 1.5-4 16.00 OK
r-release-macos-x86_64 1.5-4 29.00 OK
r-release-windows-x86_64 1.5-4 2.00 34.00 36.00 OK
r-oldrel-macos-arm64 1.5-4 14.00 OK
r-oldrel-macos-x86_64 1.5-4 19.00 OK
r-oldrel-windows-x86_64 1.5-4 3.00 35.00 38.00 OK

Check Details

Version: 1.5-4
Check: CRAN incoming feasibility
Result: NOTE Maintainer: ‘Yalin Wang <wangyalin@mail.sdu.edu.cn>’ The Description field contains (2022) <arXiv:2207.09633>. In this package, we provide the algorithms Please refer to arXiv e-prints via their arXiv DOI <doi:10.48550/arXiv.YYMM.NNNNN>. Flavors: r-devel-linux-x86_64-debian-clang, r-devel-linux-x86_64-debian-gcc