Last updated on 2022-06-29 11:52:14 CEST.
Flavor | Version | Tinstall | Tcheck | Ttotal | Status | Flags |
---|---|---|---|---|---|---|
r-devel-linux-x86_64-debian-clang | 0.3 | 4.70 | 39.31 | 44.01 | OK | |
r-devel-linux-x86_64-debian-gcc | 0.3 | 3.86 | 29.74 | 33.60 | OK | |
r-devel-linux-x86_64-fedora-clang | 0.3 | 65.83 | NOTE | |||
r-devel-linux-x86_64-fedora-gcc | 0.3 | 61.50 | OK | |||
r-devel-windows-x86_64 | 0.3 | 25.00 | 69.00 | 94.00 | OK | |
r-patched-linux-x86_64 | 0.3 | 4.44 | 37.47 | 41.91 | OK | |
r-release-linux-x86_64 | 0.3 | 5.15 | 36.86 | 42.01 | OK | |
r-release-macos-arm64 | 0.3 | 20.00 | OK | |||
r-release-macos-x86_64 | 0.3 | 27.00 | OK | |||
r-release-windows-x86_64 | 0.3 | 24.00 | 64.00 | 88.00 | OK | |
r-oldrel-macos-arm64 | 0.3 | 26.00 | OK | |||
r-oldrel-macos-x86_64 | 0.3 | 35.00 | OK | |||
r-oldrel-windows-ix86+x86_64 | 0.3 | 9.00 | 58.00 | 67.00 | OK |
Version: 0.3
Check: Rd cross-references
Result: NOTE
Undeclared package ‘rms’ in Rd xrefs
Flavor: r-devel-linux-x86_64-fedora-clang