Last updated on 2024-03-28 09:51:48 CET.
Flavor | Version | Tinstall | Tcheck | Ttotal | Status | Flags |
---|---|---|---|---|---|---|
r-devel-linux-x86_64-debian-clang | 0.1.0 | 1180.92 | 279.93 | 1460.85 | NOTE | |
r-devel-linux-x86_64-debian-gcc | 0.1.0 | 1089.01 | 311.98 | 1400.99 | NOTE | |
r-devel-linux-x86_64-fedora-clang | 0.1.0 | 1778.38 | NOTE | |||
r-devel-linux-x86_64-fedora-gcc | 0.1.0 | 2419.51 | NOTE | |||
r-devel-windows-x86_64 | 0.1.0 | 861.00 | 304.00 | 1165.00 | NOTE | |
r-patched-linux-x86_64 | 0.1.0 | 926.71 | 363.47 | 1290.18 | NOTE | |
r-release-linux-x86_64 | 0.1.0 | 926.49 | 363.49 | 1289.98 | NOTE | |
r-release-macos-arm64 | 0.1.0 | 447.00 | NOTE | |||
r-release-macos-x86_64 | 0.1.0 | 708.00 | NOTE | |||
r-release-windows-x86_64 | 0.1.0 | 1145.00 | 378.00 | 1523.00 | NOTE | |
r-oldrel-macos-arm64 | 0.1.0 | 415.00 | NOTE | |||
r-oldrel-windows-x86_64 | 0.1.0 | 1111.00 | 341.00 | 1452.00 | NOTE |
Version: 0.1.0
Check: for GNU extensions in Makefiles
Result: NOTE
GNU make is a SystemRequirements.
Flavors: r-devel-linux-x86_64-debian-clang, r-devel-linux-x86_64-debian-gcc, r-devel-linux-x86_64-fedora-clang, r-devel-linux-x86_64-fedora-gcc, r-devel-windows-x86_64, r-patched-linux-x86_64, r-release-linux-x86_64, r-release-macos-arm64, r-release-macos-x86_64, r-release-windows-x86_64, r-oldrel-macos-arm64, r-oldrel-windows-x86_64
Version: 0.1.0
Check: installed package size
Result: NOTE
installed size is 10.6Mb
sub-directories of 1Mb or more:
libs 9.9Mb
Flavors: r-devel-linux-x86_64-fedora-clang, r-devel-windows-x86_64, r-release-macos-arm64, r-release-macos-x86_64, r-release-windows-x86_64, r-oldrel-macos-arm64, r-oldrel-windows-x86_64
Version: 0.1.0
Check: dependencies in R code
Result: NOTE
Namespaces in Imports field not imported from:
‘pracma’ ‘rstantools’
All declared Imports should be used.
Flavors: r-devel-linux-x86_64-fedora-clang, r-devel-linux-x86_64-fedora-gcc, r-oldrel-macos-arm64