CRAN Package Check Results for Package MIRES

Last updated on 2024-02-26 12:54:29 CET.

Flavor Version Tinstall Tcheck Ttotal Status Flags
r-devel-linux-x86_64-debian-clang 0.1.0 1073.68 301.82 1375.50 NOTE
r-devel-linux-x86_64-debian-gcc 0.1.0 942.90 265.22 1208.12 NOTE
r-devel-linux-x86_64-fedora-clang 0.1.0 1600.17 NOTE
r-devel-linux-x86_64-fedora-gcc 0.1.0 2237.97 NOTE
r-devel-windows-x86_64 0.1.0 768.00 316.00 1084.00 NOTE
r-patched-linux-x86_64 0.1.0 807.03 347.40 1154.43 NOTE
r-release-linux-x86_64 0.1.0 830.43 352.64 1183.07 NOTE
r-release-macos-arm64 0.1.0 447.00 NOTE
r-release-macos-x86_64 0.1.0 708.00 NOTE
r-release-windows-x86_64 0.1.0 984.00 370.00 1354.00 NOTE
r-oldrel-macos-arm64 0.1.0 415.00 NOTE
r-oldrel-windows-x86_64 0.1.0 926.00 346.00 1272.00 NOTE

Check Details

Version: 0.1.0
Check: for GNU extensions in Makefiles
Result: NOTE GNU make is a SystemRequirements. Flavors: r-devel-linux-x86_64-debian-clang, r-devel-linux-x86_64-debian-gcc, r-devel-linux-x86_64-fedora-clang, r-devel-linux-x86_64-fedora-gcc, r-devel-windows-x86_64, r-patched-linux-x86_64, r-release-linux-x86_64, r-release-macos-arm64, r-release-macos-x86_64, r-release-windows-x86_64, r-oldrel-macos-arm64, r-oldrel-windows-x86_64

Version: 0.1.0
Check: installed package size
Result: NOTE installed size is 10.4Mb sub-directories of 1Mb or more: libs 9.7Mb Flavors: r-devel-linux-x86_64-fedora-clang, r-devel-windows-x86_64, r-release-macos-arm64, r-release-macos-x86_64, r-release-windows-x86_64, r-oldrel-macos-arm64, r-oldrel-windows-x86_64

Version: 0.1.0
Check: dependencies in R code
Result: NOTE Namespaces in Imports field not imported from: ‘pracma’ ‘rstantools’ All declared Imports should be used. Flavors: r-devel-linux-x86_64-fedora-clang, r-devel-linux-x86_64-fedora-gcc, r-oldrel-macos-arm64