Last updated on 2022-06-30 11:53:12 CEST.
Flavor | Version | Tinstall | Tcheck | Ttotal | Status | Flags |
---|---|---|---|---|---|---|
r-devel-linux-x86_64-debian-clang | 0.1.0 | 852.47 | 248.61 | 1101.08 | NOTE | |
r-devel-linux-x86_64-debian-gcc | 0.1.0 | 758.50 | 230.96 | 989.46 | NOTE | |
r-devel-linux-x86_64-fedora-clang | 0.1.0 | 1691.44 | WARN | |||
r-devel-linux-x86_64-fedora-gcc | 0.1.0 | 1653.25 | WARN | |||
r-devel-windows-x86_64 | 0.1.0 | 533.00 | 395.00 | 928.00 | NOTE | |
r-patched-linux-x86_64 | 0.1.0 | 707.95 | 286.12 | 994.07 | NOTE | |
r-release-linux-x86_64 | 0.1.0 | 0.02 | 3.60 | 3.62 | ERROR | |
r-release-macos-arm64 | 0.1.0 | 415.00 | NOTE | |||
r-release-macos-x86_64 | 0.1.0 | 650.00 | NOTE | |||
r-release-windows-x86_64 | 0.1.0 | 535.00 | 389.00 | 924.00 | NOTE | |
r-oldrel-macos-arm64 | 0.1.0 | 457.00 | NOTE | |||
r-oldrel-macos-x86_64 | 0.1.0 | 676.00 | NOTE | |||
r-oldrel-windows-ix86+x86_64 | 0.1.0 | 1826.00 | 596.00 | 2422.00 | NOTE |
Version: 0.1.0
Check: for GNU extensions in Makefiles
Result: NOTE
GNU make is a SystemRequirements.
Flavors: r-devel-linux-x86_64-debian-clang, r-devel-linux-x86_64-debian-gcc, r-devel-linux-x86_64-fedora-clang, r-devel-linux-x86_64-fedora-gcc, r-devel-windows-x86_64, r-patched-linux-x86_64, r-release-macos-arm64, r-release-macos-x86_64, r-release-windows-x86_64, r-oldrel-macos-arm64, r-oldrel-macos-x86_64, r-oldrel-windows-ix86+x86_64
Version: 0.1.0
Check: package dependencies
Result: WARN
Requires (indirectly) orphaned package: ‘gtools’
Flavors: r-devel-linux-x86_64-fedora-clang, r-devel-linux-x86_64-fedora-gcc
Version: 0.1.0
Check: installed package size
Result: NOTE
installed size is 93.1Mb
sub-directories of 1Mb or more:
libs 92.4Mb
Flavors: r-devel-linux-x86_64-fedora-clang, r-devel-windows-x86_64, r-release-macos-arm64, r-release-macos-x86_64, r-release-windows-x86_64, r-oldrel-macos-arm64, r-oldrel-macos-x86_64, r-oldrel-windows-ix86+x86_64
Version: 0.1.0
Check: dependencies in R code
Result: NOTE
Namespaces in Imports field not imported from:
‘pracma’ ‘rstantools’
All declared Imports should be used.
Flavors: r-devel-linux-x86_64-fedora-clang, r-devel-linux-x86_64-fedora-gcc, r-release-macos-arm64, r-release-macos-x86_64, r-oldrel-macos-arm64, r-oldrel-macos-x86_64
Version: 0.1.0
Check: whether package can be installed
Result: ERROR
Installation failed.
Flavor: r-release-linux-x86_64