Last updated on 2024-03-29 09:55:28 CET.
Flavor | Version | Tinstall | Tcheck | Ttotal | Status | Flags |
---|---|---|---|---|---|---|
r-devel-linux-x86_64-debian-clang | 0.5.8 | 5.44 | 44.13 | 49.57 | NOTE | |
r-devel-linux-x86_64-debian-gcc | 0.5.8 | 4.51 | 32.43 | 36.94 | NOTE | |
r-devel-linux-x86_64-fedora-clang | 0.5.8 | 64.71 | NOTE | |||
r-devel-linux-x86_64-fedora-gcc | 0.5.8 | 59.29 | NOTE | |||
r-devel-windows-x86_64 | 0.5.8 | 7.00 | 54.00 | 61.00 | NOTE | |
r-patched-linux-x86_64 | 0.5.8 | 5.49 | 41.38 | 46.87 | NOTE | |
r-release-linux-x86_64 | 0.5.8 | 6.85 | 42.59 | 49.44 | OK | |
r-release-macos-arm64 | 0.5.8 | 22.00 | OK | |||
r-release-macos-x86_64 | 0.5.8 | 30.00 | OK | |||
r-release-windows-x86_64 | 0.5.8 | 9.00 | 58.00 | 67.00 | OK | |
r-oldrel-macos-arm64 | 0.5.8 | 21.00 | OK | |||
r-oldrel-windows-x86_64 | 0.5.8 | 9.00 | 60.00 | 69.00 | OK |
Version: 0.5.8
Check: Rd files
Result: NOTE
checkRd: (-1) miive.Rd:120-239: Lost braces in \itemize; meant \describe ?
checkRd: (-1) miive.Rd:241-264: Lost braces in \itemize; meant \describe ?
checkRd: (-1) miive.Rd:266-277: Lost braces in \itemize; meant \describe ?
checkRd: (-1) miive.Rd:279-286: Lost braces in \itemize; meant \describe ?
checkRd: (-1) miive.Rd:288-293: Lost braces in \itemize; meant \describe ?
checkRd: (-1) miive.Rd:295-311: Lost braces in \itemize; meant \describe ?
checkRd: (-1) miive.Rd:313-337: Lost braces in \itemize; meant \describe ?
checkRd: (-1) miive.Rd:339-352: Lost braces in \itemize; meant \describe ?
checkRd: (-1) miive.Rd:353-370: Lost braces in \itemize; meant \describe ?
checkRd: (-1) miive.Rd:426: Lost braces
426 | \link{MIIVsem}{miivs}
| ^
checkRd: (-1) miivs.Rd:33-160: Lost braces in \itemize; meant \describe ?
Flavors: r-devel-linux-x86_64-debian-clang, r-devel-linux-x86_64-debian-gcc, r-devel-linux-x86_64-fedora-clang, r-devel-linux-x86_64-fedora-gcc, r-devel-windows-x86_64, r-patched-linux-x86_64