Last updated on 2024-03-28 09:51:48 CET.
Flavor | Version | Tinstall | Tcheck | Ttotal | Status | Flags |
---|---|---|---|---|---|---|
r-devel-linux-x86_64-debian-clang | 1.6.0 | 70.87 | 339.72 | 410.59 | NOTE | |
r-devel-linux-x86_64-debian-gcc | 1.6.0 | 57.77 | 225.49 | 283.26 | NOTE | |
r-devel-linux-x86_64-fedora-clang | 1.6.0 | 529.44 | NOTE | |||
r-devel-linux-x86_64-fedora-gcc | 1.6.0 | 496.89 | NOTE | |||
r-devel-windows-x86_64 | 1.6.0 | 54.00 | 280.00 | 334.00 | NOTE | |
r-patched-linux-x86_64 | 1.6.0 | 61.49 | 325.36 | 386.85 | NOTE | |
r-release-linux-x86_64 | 1.6.0 | 59.11 | 330.18 | 389.29 | OK | |
r-release-macos-arm64 | 1.6.0 | 137.00 | OK | |||
r-release-macos-x86_64 | 1.6.0 | 245.00 | OK | |||
r-release-windows-x86_64 | 1.6.0 | 70.00 | 370.00 | 440.00 | OK | |
r-oldrel-macos-arm64 | 1.6.0 | 104.00 | OK | |||
r-oldrel-windows-x86_64 | 1.6.0 | 69.00 | 348.00 | 417.00 | OK |
Version: 1.6.0
Check: Rd files
Result: NOTE
checkRd: (-1) calcQuantiles.Rd:52: Lost braces; missing escapes or markup?
52 | {M/F}\emph{Mean}(patchNum).csv and {M/F}\emph{Quantile}(quantNum)_(patchNum).csv.
| ^
checkRd: (-1) calcQuantiles.Rd:52: Lost braces; missing escapes or markup?
52 | {M/F}\emph{Mean}(patchNum).csv and {M/F}\emph{Quantile}(quantNum)_(patchNum).csv.
| ^
Flavors: r-devel-linux-x86_64-debian-clang, r-devel-linux-x86_64-debian-gcc, r-devel-linux-x86_64-fedora-clang, r-devel-linux-x86_64-fedora-gcc, r-devel-windows-x86_64, r-patched-linux-x86_64