Last updated on 2023-02-02 11:54:08 CET.
Flavor | Version | Tinstall | Tcheck | Ttotal | Status | Flags |
---|---|---|---|---|---|---|
r-devel-linux-x86_64-debian-clang | 1.6.0 | 59.30 | 344.56 | 403.86 | OK | |
r-devel-linux-x86_64-debian-gcc | 1.6.0 | 52.51 | 237.80 | 290.31 | OK | |
r-devel-linux-x86_64-fedora-clang | 1.6.0 | 515.26 | OK | |||
r-devel-linux-x86_64-fedora-gcc | 1.6.0 | 569.17 | OK | |||
r-devel-windows-x86_64 | 1.6.0 | 123.00 | 433.00 | 556.00 | OK | |
r-patched-linux-x86_64 | 1.6.0 | 61.78 | 330.56 | 392.34 | OK | |
r-release-linux-x86_64 | 1.6.0 | 50.84 | 329.40 | 380.24 | OK | |
r-release-macos-arm64 | 1.6.0 | 104.00 | OK | |||
r-release-macos-x86_64 | 1.6.0 | 144.00 | OK | |||
r-release-windows-x86_64 | 1.6.0 | 136.00 | 418.00 | 554.00 | OK | |
r-oldrel-macos-arm64 | 1.6.0 | 121.00 | OK | |||
r-oldrel-macos-x86_64 | 1.6.0 | 211.00 | OK | |||
r-oldrel-windows-ix86+x86_64 | 1.6.0 | 131.00 | 404.00 | 535.00 | NOTE |
Version: 1.6.0
Check: installed package size
Result: NOTE
installed size is 5.0Mb
sub-directories of 1Mb or more:
doc 2.2Mb
libs 2.1Mb
Flavor: r-oldrel-windows-ix86+x86_64