Last updated on 2023-12-05 09:50:08 CET.
Flavor | Version | Tinstall | Tcheck | Ttotal | Status | Flags |
---|---|---|---|---|---|---|
r-devel-linux-x86_64-debian-clang | 1.6.0 | 71.16 | 341.40 | 412.56 | NOTE | |
r-devel-linux-x86_64-debian-gcc | 1.6.0 | 50.28 | 226.23 | 276.51 | NOTE | |
r-devel-linux-x86_64-fedora-clang | 1.6.0 | 502.09 | OK | |||
r-devel-linux-x86_64-fedora-gcc | 1.6.0 | 491.18 | OK | |||
r-devel-windows-x86_64 | 1.6.0 | 54.00 | 280.00 | 334.00 | OK | |
r-patched-linux-x86_64 | 1.6.0 | 60.75 | 332.11 | 392.86 | OK | |
r-release-linux-x86_64 | 1.6.0 | 51.89 | 329.73 | 381.62 | OK | |
r-release-macos-arm64 | 1.6.0 | 137.00 | OK | |||
r-release-macos-x86_64 | 1.6.0 | 245.00 | OK | |||
r-release-windows-x86_64 | 1.6.0 | 71.00 | 375.00 | 446.00 | OK | |
r-oldrel-macos-arm64 | 1.6.0 | 104.00 | OK | |||
r-oldrel-macos-x86_64 | 1.6.0 | 144.00 | OK | |||
r-oldrel-windows-x86_64 | 1.6.0 | 66.00 | 342.00 | 408.00 | OK |
Version: 1.6.0
Check: Rd files
Result: NOTE
checkRd: (-1) calcQuantiles.Rd:52: Lost braces; missing escapes or markup?
52 | {M/F}\emph{Mean}(patchNum).csv and {M/F}\emph{Quantile}(quantNum)_(patchNum).csv.
| ^
checkRd: (-1) calcQuantiles.Rd:52: Lost braces; missing escapes or markup?
52 | {M/F}\emph{Mean}(patchNum).csv and {M/F}\emph{Quantile}(quantNum)_(patchNum).csv.
| ^
Flavors: r-devel-linux-x86_64-debian-clang, r-devel-linux-x86_64-debian-gcc