CRAN Package Check Results for Package MFPCA

Last updated on 2024-06-13 10:49:01 CEST.

Flavor Version Tinstall Tcheck Ttotal Status Flags
r-devel-linux-x86_64-debian-clang 1.3-10 16.18 264.02 280.20 OK
r-devel-linux-x86_64-debian-gcc 1.3-10 10.36 91.30 101.66 ERROR
r-devel-linux-x86_64-fedora-clang 1.3-10 346.09 OK
r-devel-linux-x86_64-fedora-gcc 1.3-10 333.67 OK
r-devel-windows-x86_64 1.3-10 13.00 219.00 232.00 OK
r-patched-linux-x86_64 1.3-10 15.18 265.31 280.49 OK
r-release-linux-x86_64 1.3-10 10.88 262.00 272.88 OK
r-release-macos-arm64 1.3-10 125.00 OK
r-release-macos-x86_64 1.3-10 188.00 OK
r-release-windows-x86_64 1.3-10 13.00 215.00 228.00 OK
r-oldrel-macos-arm64 1.3-10 138.00 OK
r-oldrel-macos-x86_64 1.3-10 232.00 OK
r-oldrel-windows-x86_64 1.3-10 16.00 260.00 276.00 OK

Check Details

Version: 1.3-10
Check: package dependencies
Result: NOTE Packages suggested but not available for checking: 'fda', 'testthat' Flavor: r-devel-linux-x86_64-debian-gcc

Version: 1.3-10
Check: tests
Result: ERROR Running ‘testthat.R’ [0s/1s] Running the tests in ‘tests/testthat.R’ failed. Complete output: > library(testthat) Error in library(testthat) : there is no package called 'testthat' Execution halted Flavor: r-devel-linux-x86_64-debian-gcc