Last updated on 2025-04-29 12:52:41 CEST.
Flavor | Version | Tinstall | Tcheck | Ttotal | Status | Flags |
---|---|---|---|---|---|---|
r-devel-linux-x86_64-debian-clang | 0.1.0 | 2.00 | 20.06 | 22.06 | NOTE | |
r-devel-linux-x86_64-debian-gcc | 0.1.0 | 1.55 | 16.01 | 17.56 | NOTE | |
r-devel-linux-x86_64-fedora-clang | 0.1.0 | 34.71 | NOTE | |||
r-devel-linux-x86_64-fedora-gcc | 0.1.0 | 32.88 | NOTE | |||
r-devel-windows-x86_64 | 0.1.0 | 4.00 | 43.00 | 47.00 | NOTE | |
r-patched-linux-x86_64 | 0.1.0 | 1.99 | 19.34 | 21.33 | NOTE | |
r-release-linux-x86_64 | 0.1.0 | 2.09 | 19.25 | 21.34 | NOTE | |
r-release-macos-arm64 | 0.1.0 | 15.00 | NOTE | |||
r-release-macos-x86_64 | 0.1.0 | 26.00 | NOTE | |||
r-release-windows-x86_64 | 0.1.0 | 3.00 | 44.00 | 47.00 | NOTE | |
r-oldrel-macos-arm64 | 0.1.0 | 14.00 | NOTE | |||
r-oldrel-macos-x86_64 | 0.1.0 | 21.00 | NOTE | |||
r-oldrel-windows-x86_64 | 0.1.0 | 3.00 | 43.00 | 46.00 | NOTE |
Version: 0.1.0
Check: CRAN incoming feasibility
Result: NOTE
Maintainer: ‘Gary Chan <kcgchan@u.washington.edu>’
No Authors@R field in DESCRIPTION.
Please add one, modifying
Authors@R: person(given = "Gary",
family = "Chan",
role = c("aut", "cre"),
email = "kcgchan@u.washington.edu")
as necessary.
The Description field contains
effects by Chan, Imai, Yam and Zhang (2016) <arXiv:1601.03501>.
Please refer to arXiv e-prints via their arXiv DOI <doi:10.48550/arXiv.YYMM.NNNNN>.
Flavors: r-devel-linux-x86_64-debian-clang, r-devel-linux-x86_64-debian-gcc
Version: 0.1.0
Check: Rd files
Result: NOTE
checkRd: (-1) MED.Rd:25: Lost braces
25 | The vector of treatment assignments of length \eqn{n}. Must be coded as \eqn{\{0,1} {{0,1}}.
| ^
Flavors: r-devel-linux-x86_64-debian-clang, r-devel-linux-x86_64-debian-gcc, r-devel-linux-x86_64-fedora-clang, r-devel-linux-x86_64-fedora-gcc, r-devel-windows-x86_64, r-patched-linux-x86_64, r-release-linux-x86_64, r-release-macos-arm64, r-release-macos-x86_64, r-release-windows-x86_64, r-oldrel-macos-arm64, r-oldrel-macos-x86_64, r-oldrel-windows-x86_64