Last updated on 2025-04-29 12:52:41 CEST.
Flavor | Version | Tinstall | Tcheck | Ttotal | Status | Flags |
---|---|---|---|---|---|---|
r-devel-linux-x86_64-debian-clang | 1.0-1 | 2.47 | 21.52 | 23.99 | NOTE | |
r-devel-linux-x86_64-debian-gcc | 1.0-1 | 1.72 | 16.60 | 18.32 | NOTE | |
r-devel-linux-x86_64-fedora-clang | 1.0-1 | 37.45 | OK | |||
r-devel-linux-x86_64-fedora-gcc | 1.0-1 | 35.44 | OK | |||
r-devel-windows-x86_64 | 1.0-1 | 4.00 | 44.00 | 48.00 | OK | |
r-patched-linux-x86_64 | 1.0-1 | 2.74 | 20.45 | 23.19 | OK | |
r-release-linux-x86_64 | 1.0-1 | 2.02 | 20.60 | 22.62 | OK | |
r-release-macos-arm64 | 1.0-1 | 19.00 | OK | |||
r-release-macos-x86_64 | 1.0-1 | 27.00 | OK | |||
r-release-windows-x86_64 | 1.0-1 | 3.00 | 45.00 | 48.00 | OK | |
r-oldrel-macos-arm64 | 1.0-1 | 15.00 | OK | |||
r-oldrel-macos-x86_64 | 1.0-1 | 23.00 | OK | |||
r-oldrel-windows-x86_64 | 1.0-1 | 4.00 | 43.00 | 47.00 | OK |
Version: 1.0-1
Check: CRAN incoming feasibility
Result: NOTE
Maintainer: ‘Takumi Tsutaya <tsutayatakumi@gmail.com>’
No Authors@R field in DESCRIPTION.
Please add one, modifying
Authors@R: person(given = "Takumi",
family = "Tsutaya",
role = c("aut", "cre"),
email = "tsutayatakumi@gmail.com",
comment = c(ORCID = "0000-0001-5104-5223"))
as necessary.
Flavors: r-devel-linux-x86_64-debian-clang, r-devel-linux-x86_64-debian-gcc