Last updated on 2025-04-29 12:52:41 CEST.
Flavor | Version | Tinstall | Tcheck | Ttotal | Status | Flags |
---|---|---|---|---|---|---|
r-devel-linux-x86_64-debian-clang | 1.0-3 | 3.03 | 24.51 | 27.54 | NOTE | |
r-devel-linux-x86_64-debian-gcc | 1.0-3 | 1.93 | 18.84 | 20.77 | NOTE | |
r-devel-linux-x86_64-fedora-clang | 1.0-3 | 43.07 | NOTE | |||
r-devel-linux-x86_64-fedora-gcc | 1.0-3 | 40.80 | NOTE | |||
r-devel-windows-x86_64 | 1.0-3 | 4.00 | 46.00 | 50.00 | NOTE | |
r-patched-linux-x86_64 | 1.0-3 | 3.30 | 23.59 | 26.89 | NOTE | |
r-release-linux-x86_64 | 1.0-3 | 2.36 | 23.39 | 25.75 | NOTE | |
r-release-macos-arm64 | 1.0-3 | 19.00 | NOTE | |||
r-release-macos-x86_64 | 1.0-3 | 28.00 | NOTE | |||
r-release-windows-x86_64 | 1.0-3 | 3.00 | 49.00 | 52.00 | NOTE | |
r-oldrel-macos-arm64 | 1.0-3 | 17.00 | NOTE | |||
r-oldrel-macos-x86_64 | 1.0-3 | 38.00 | NOTE | |||
r-oldrel-windows-x86_64 | 1.0-3 | 4.00 | 45.00 | 49.00 | NOTE |
Version: 1.0-3
Check: CRAN incoming feasibility
Result: NOTE
Maintainer: ‘Michael P. Fay <mfay@niaid.nih.gov>’
No Authors@R field in DESCRIPTION.
Please add one, modifying
Authors@R: person(given = c("Michael", "P."),
family = "Fay",
role = c("aut", "cre"),
email = "mfay@niaid.nih.gov")
as necessary.
Package CITATION file contains call(s) to old-style personList() or
as.personList(). Please use c() on person objects instead.
Package CITATION file contains call(s) to old-style citEntry(). Please
use bibentry() instead.
Flavors: r-devel-linux-x86_64-debian-clang, r-devel-linux-x86_64-debian-gcc
Version: 1.0-3
Check: Rd files
Result: NOTE
checkRd: (-1) MCbound.precalc1.Rd:16: Lost braces in \itemize; meant \describe ?
checkRd: (-1) MCbound.precalc1.Rd:17: Lost braces in \itemize; meant \describe ?
checkRd: (-1) MCbound.precalc1.Rd:18: Lost braces in \itemize; meant \describe ?
checkRd: (-1) MCbound.precalc1.Rd:19: Lost braces in \itemize; meant \describe ?
checkRd: (-1) MCbound.precalc1.Rd:20: Lost braces in \itemize; meant \describe ?
checkRd: (-1) MCbound.precalc1.Rd:21: Lost braces in \itemize; meant \describe ?
checkRd: (-1) MCbound.precalc1.Rd:22: Lost braces in \itemize; meant \describe ?
checkRd: (-1) MCbound.precalc1.Rd:23: Lost braces in \itemize; meant \describe ?
checkRd: (-1) MCbound.precalc1.Rd:24: Lost braces in \itemize; meant \describe ?
checkRd: (-1) MCbound.precalc1.Rd:25: Lost braces in \itemize; meant \describe ?
checkRd: (-1) MCbound.precalc1.Rd:26: Lost braces in \itemize; meant \describe ?
checkRd: (-1) MCbound.precalc1.Rd:27: Lost braces in \itemize; meant \describe ?
checkRd: (-1) MCtest.Rd:39: Escaped LaTeX specials: \#
checkRd: (-1) MCtest.Rd:40: Escaped LaTeX specials: \#
Flavors: r-devel-linux-x86_64-debian-clang, r-devel-linux-x86_64-debian-gcc, r-devel-linux-x86_64-fedora-clang, r-devel-linux-x86_64-fedora-gcc, r-devel-windows-x86_64, r-patched-linux-x86_64, r-release-linux-x86_64, r-release-macos-arm64, r-release-macos-x86_64, r-release-windows-x86_64, r-oldrel-macos-arm64, r-oldrel-macos-x86_64, r-oldrel-windows-x86_64