Last updated on 2024-04-26 12:54:40 CEST.
Flavor | Version | Tinstall | Tcheck | Ttotal | Status | Flags |
---|---|---|---|---|---|---|
r-devel-linux-x86_64-debian-clang | 0.5 | 45.90 | 78.23 | 124.13 | OK | |
r-devel-linux-x86_64-debian-gcc | 0.5 | 45.02 | 60.85 | 105.87 | OK | |
r-devel-linux-x86_64-fedora-clang | 0.5 | 165.98 | OK | |||
r-devel-linux-x86_64-fedora-gcc | 0.5 | 177.74 | OK | |||
r-devel-windows-x86_64 | 0.5 | 42.00 | 96.00 | 138.00 | OK | |
r-patched-linux-x86_64 | 0.5 | 38.72 | 81.52 | 120.24 | OK | |
r-release-linux-x86_64 | 0.5 | 37.11 | 77.05 | 114.16 | OK | |
r-release-macos-arm64 | 0.5 | 45.00 | NOTE | |||
r-release-windows-x86_64 | 0.5 | 40.00 | 96.00 | 136.00 | OK | |
r-oldrel-macos-arm64 | 0.5 | 50.00 | NOTE | |||
r-oldrel-macos-x86_64 | 0.5 | 100.00 | NOTE | |||
r-oldrel-windows-x86_64 | 0.5 | 53.00 | 118.00 | 171.00 | OK |
Version: 0.5
Check: installed package size
Result: NOTE
installed size is 5.9Mb
sub-directories of 1Mb or more:
libs 5.4Mb
Flavors: r-release-macos-arm64, r-oldrel-macos-arm64, r-oldrel-macos-x86_64