Last updated on 2024-04-19 11:56:51 CEST.
Flavor | Version | Tinstall | Tcheck | Ttotal | Status | Flags |
---|---|---|---|---|---|---|
r-devel-linux-x86_64-debian-clang | 0.1-1 | 8.79 | 89.69 | 98.48 | NOTE | |
r-devel-linux-x86_64-debian-gcc | 0.1-1 | NOTE | ||||
r-devel-linux-x86_64-fedora-clang | 0.1-1 | 124.60 | NOTE | |||
r-devel-linux-x86_64-fedora-gcc | 0.1-1 | 131.50 | NOTE | |||
r-prerel-macos-arm64 | 0.1-1 | 46.00 | NOTE | |||
r-prerel-windows-x86_64 | 0.1-1 | 8.00 | 116.00 | 124.00 | NOTE | |
r-patched-linux-x86_64 | 0.1-1 | 8.39 | 86.28 | 94.67 | NOTE | |
r-release-linux-x86_64 | 0.1-1 | 6.75 | 84.69 | 91.44 | NOTE | |
r-release-macos-arm64 | 0.1-1 | 51.00 | NOTE | |||
r-release-macos-x86_64 | 0.1-1 | 70.00 | NOTE | |||
r-release-windows-x86_64 | 0.1-1 | 9.00 | 126.00 | 135.00 | NOTE | |
r-oldrel-macos-arm64 | 0.1-1 | 33.00 | NOTE | |||
r-oldrel-windows-x86_64 | 0.1-1 | 10.00 | 125.00 | 135.00 | NOTE |
Version: 0.1-1
Check: LazyData
Result: NOTE
'LazyData' is specified without a 'data' directory
Flavors: r-devel-linux-x86_64-debian-clang, r-devel-linux-x86_64-debian-gcc, r-devel-linux-x86_64-fedora-clang, r-devel-linux-x86_64-fedora-gcc, r-prerel-macos-arm64, r-prerel-windows-x86_64, r-patched-linux-x86_64, r-release-linux-x86_64, r-release-macos-arm64, r-release-macos-x86_64, r-release-windows-x86_64, r-oldrel-macos-arm64, r-oldrel-windows-x86_64