Last updated on 2025-04-29 12:52:41 CEST.
Flavor | Version | Tinstall | Tcheck | Ttotal | Status | Flags |
---|---|---|---|---|---|---|
r-devel-linux-x86_64-debian-clang | 1.3.3 | 2.65 | 50.92 | 53.57 | NOTE | |
r-devel-linux-x86_64-debian-gcc | 1.3.3 | 2.11 | 35.77 | 37.88 | NOTE | |
r-devel-linux-x86_64-fedora-clang | 1.3.3 | 85.02 | OK | |||
r-devel-linux-x86_64-fedora-gcc | 1.3.3 | 84.02 | OK | |||
r-devel-windows-x86_64 | 1.3.3 | 5.00 | 72.00 | 77.00 | OK | |
r-patched-linux-x86_64 | 1.3.3 | 4.56 | 48.98 | 53.54 | OK | |
r-release-linux-x86_64 | 1.3.3 | 2.82 | 50.13 | 52.95 | OK | |
r-release-macos-arm64 | 1.3.3 | 32.00 | OK | |||
r-release-macos-x86_64 | 1.3.3 | 46.00 | OK | |||
r-release-windows-x86_64 | 1.3.3 | 4.00 | 73.00 | 77.00 | OK | |
r-oldrel-macos-arm64 | 1.3.3 | 25.00 | OK | |||
r-oldrel-macos-x86_64 | 1.3.3 | 65.00 | OK | |||
r-oldrel-windows-x86_64 | 1.3.3 | 5.00 | 70.00 | 75.00 | OK |
Version: 1.3.3
Check: CRAN incoming feasibility
Result: NOTE
Maintainer: ‘Thomas Wieland <thomas.wieland.geo@googlemail.com>’
No Authors@R field in DESCRIPTION.
Please add one, modifying
Authors@R: person(given = "Thomas",
family = "Wieland",
role = c("aut", "cre"),
email = "thomas.wieland.geo@googlemail.com")
as necessary.
Package CITATION file contains call(s) to old-style citEntry(). Please
use bibentry() instead.
Flavors: r-devel-linux-x86_64-debian-clang, r-devel-linux-x86_64-debian-gcc