Last updated on 2024-03-28 09:51:48 CET.
Flavor | Version | Tinstall | Tcheck | Ttotal | Status | Flags |
---|---|---|---|---|---|---|
r-devel-linux-x86_64-debian-clang | 2.6.1 | 7.29 | 69.31 | 76.60 | NOTE | |
r-devel-linux-x86_64-debian-gcc | 2.6.1 | 4.55 | 52.59 | 57.14 | NOTE | |
r-devel-linux-x86_64-fedora-clang | 2.6.1 | 100.31 | NOTE | |||
r-devel-linux-x86_64-fedora-gcc | 2.6.1 | 93.36 | NOTE | |||
r-devel-windows-x86_64 | 2.6.1 | 8.00 | 71.00 | 79.00 | NOTE | |
r-patched-linux-x86_64 | 2.6.1 | 6.16 | 69.57 | 75.73 | NOTE | |
r-release-linux-x86_64 | 2.6.1 | 4.79 | 68.39 | 73.18 | OK | |
r-release-macos-arm64 | 2.6.1 | 28.00 | OK | |||
r-release-macos-x86_64 | 2.6.1 | 52.00 | OK | |||
r-release-windows-x86_64 | 2.6.1 | 11.00 | 82.00 | 93.00 | OK | |
r-oldrel-macos-arm64 | 2.6.1 | 32.00 | OK | |||
r-oldrel-windows-x86_64 | 2.6.1 | 11.00 | 90.00 | 101.00 | OK |
Version: 2.6.1
Check: Rd files
Result: NOTE
checkRd: (-1) satisfaction.Rd:28: Lost braces
28 | Della Valle E (2010) Della Valle E 2010 Analisi Multidimensionale dei Dati: la Qualit\'{a} del Lavoro nelle Cooperative Sociali.
| ^
checkRd: (-1) satisfaction.Rd:29: Lost braces
29 | Unpublished thesis, Seconda Universit\'{a} degli Studi di Napoli, Capua Italy.
| ^
Flavors: r-devel-linux-x86_64-debian-clang, r-devel-linux-x86_64-debian-gcc, r-devel-linux-x86_64-fedora-clang, r-devel-linux-x86_64-fedora-gcc, r-devel-windows-x86_64, r-patched-linux-x86_64