CRAN Package Check Results for Package MCARtest

Last updated on 2023-01-26 11:53:08 CET.

Flavor Version Tinstall Tcheck Ttotal Status Flags
r-devel-linux-x86_64-debian-clang 1.0 12.27 110.94 123.21 OK
r-devel-linux-x86_64-debian-gcc 1.0 8.10 82.43 90.53 OK
r-devel-linux-x86_64-fedora-clang 1.0 150.88 NOTE
r-devel-linux-x86_64-fedora-gcc 1.0 172.75 NOTE
r-devel-windows-x86_64 1.0 26.00 137.00 163.00 OK
r-patched-linux-x86_64 1.0 11.24 106.66 117.90 OK
r-release-linux-x86_64 1.0 9.76 107.59 117.35 OK
r-release-macos-arm64 1.0 48.00 NOTE
r-release-macos-x86_64 1.0 58.00 NOTE
r-release-windows-x86_64 1.0 25.00 143.00 168.00 OK
r-oldrel-macos-arm64 1.0 35.00 NOTE
r-oldrel-macos-x86_64 1.0 57.00 NOTE
r-oldrel-windows-ix86+x86_64 1.0 27.00 130.00 157.00 OK

Check Details

Version: 1.0
Check: dependencies in R code
Result: NOTE
    Namespace in Imports field not imported from: ‘Rdpack’
     All declared Imports should be used.
Flavors: r-devel-linux-x86_64-fedora-clang, r-devel-linux-x86_64-fedora-gcc, r-release-macos-arm64, r-release-macos-x86_64, r-oldrel-macos-arm64, r-oldrel-macos-x86_64