Last updated on 2025-05-07 11:55:34 CEST.
Flavor | Version | Tinstall | Tcheck | Ttotal | Status | Flags |
---|---|---|---|---|---|---|
r-devel-linux-x86_64-debian-clang | 1.2.2 | 7.78 | 277.89 | 285.67 | NOTE | |
r-devel-linux-x86_64-debian-gcc | 1.2.2 | 5.33 | 186.64 | 191.97 | NOTE | |
r-devel-linux-x86_64-fedora-clang | 1.2.2 | 442.94 | OK | |||
r-devel-linux-x86_64-fedora-gcc | 1.2.2 | 466.31 | OK | |||
r-devel-windows-x86_64 | 1.2.2 | 9.00 | 414.00 | 423.00 | OK | |
r-patched-linux-x86_64 | 1.2.2 | 10.26 | 265.05 | 275.31 | OK | |
r-release-linux-x86_64 | 1.2.2 | 7.15 | 265.52 | 272.67 | OK | |
r-release-macos-arm64 | 1.2.2 | 171.00 | OK | |||
r-release-macos-x86_64 | 1.2.2 | 308.00 | OK | |||
r-release-windows-x86_64 | 1.2.2 | 9.00 | 390.00 | 399.00 | OK | |
r-oldrel-macos-arm64 | 1.2.2 | 111.00 | NOTE | |||
r-oldrel-macos-x86_64 | 1.2.2 | 235.00 | NOTE | |||
r-oldrel-windows-x86_64 | 1.2.2 | 12.00 | 487.00 | 499.00 | NOTE |
Version: 1.2.2
Check: CRAN incoming feasibility
Result: NOTE
Maintainer: ‘Shiqi Tu <tushiqi@picb.ac.cn>’
Package CITATION file contains call(s) to old-style personList() or
as.personList(). Please use c() on person objects instead.
Package CITATION file contains call(s) to old-style citEntry(). Please
use bibentry() instead.
Flavors: r-devel-linux-x86_64-debian-clang, r-devel-linux-x86_64-debian-gcc
Version: 1.2.2
Check: installed package size
Result: NOTE
installed size is 5.3Mb
sub-directories of 1Mb or more:
data 1.2Mb
doc 3.5Mb
Flavors: r-oldrel-macos-arm64, r-oldrel-macos-x86_64, r-oldrel-windows-x86_64