Last updated on 2025-04-29 12:52:40 CEST.
Flavor | Version | Tinstall | Tcheck | Ttotal | Status | Flags |
---|---|---|---|---|---|---|
r-devel-linux-x86_64-debian-clang | 1.4 | 1.49 | 19.30 | 20.79 | NOTE | |
r-devel-linux-x86_64-debian-gcc | 1.4 | 1.42 | 15.78 | 17.20 | NOTE | |
r-devel-linux-x86_64-fedora-clang | 1.4 | 32.18 | OK | |||
r-devel-linux-x86_64-fedora-gcc | 1.4 | 32.04 | OK | |||
r-devel-windows-x86_64 | 1.4 | 2.00 | 36.00 | 38.00 | OK | |
r-patched-linux-x86_64 | 1.4 | 1.63 | 18.40 | 20.03 | OK | |
r-release-linux-x86_64 | 1.4 | 1.43 | 18.76 | 20.19 | OK | |
r-release-macos-arm64 | 1.4 | 15.00 | OK | |||
r-release-macos-x86_64 | 1.4 | 23.00 | OK | |||
r-release-windows-x86_64 | 1.4 | 3.00 | 36.00 | 39.00 | OK | |
r-oldrel-macos-arm64 | 1.4 | 15.00 | OK | |||
r-oldrel-macos-x86_64 | 1.4 | 21.00 | OK | |||
r-oldrel-windows-x86_64 | 1.4 | 3.00 | 37.00 | 40.00 | OK |
Version: 1.4
Check: CRAN incoming feasibility
Result: NOTE
Maintainer: ‘Tao Wang <tao.wang@utsouthwestern.edu>’
No Authors@R field in DESCRIPTION.
Please add one, modifying
Authors@R: c(person(given = "Tao",
family = "Wang",
role = c("aut", "cre"),
email = "tao.wang@utsouthwestern.edu"),
person(given = "Chongzhi",
family = "Zang",
role = "aut"))
as necessary.
Flavors: r-devel-linux-x86_64-debian-clang, r-devel-linux-x86_64-debian-gcc