Last updated on 2024-04-18 12:52:50 CEST.
Flavor | Version | Tinstall | Tcheck | Ttotal | Status | Flags |
---|---|---|---|---|---|---|
r-devel-linux-x86_64-debian-clang | 0.1.0 | 34.38 | 486.48 | 520.86 | OK | |
r-devel-linux-x86_64-debian-gcc | 0.1.0 | 29.70 | 355.84 | 385.54 | OK | |
r-devel-linux-x86_64-fedora-clang | 0.1.0 | 693.54 | NOTE | |||
r-devel-linux-x86_64-fedora-gcc | 0.1.0 | 666.48 | NOTE | |||
r-prerel-macos-arm64 | 0.1.0 | 242.00 | OK | |||
r-prerel-macos-x86_64 | 0.1.0 | 410.00 | OK | |||
r-prerel-windows-x86_64 | 0.1.0 | 29.00 | 321.00 | 350.00 | OK | |
r-patched-linux-x86_64 | 0.1.0 | 26.24 | 456.99 | 483.23 | OK | |
r-release-linux-x86_64 | 0.1.0 | 24.20 | 464.55 | 488.75 | OK | |
r-release-macos-arm64 | 0.1.0 | 304.00 | NOTE | |||
r-release-macos-x86_64 | 0.1.0 | 423.00 | NOTE | |||
r-release-windows-x86_64 | 0.1.0 | 41.00 | 428.00 | 469.00 | OK | |
r-oldrel-macos-arm64 | 0.1.0 | 185.00 | NOTE | |||
r-oldrel-windows-x86_64 | 0.1.0 | 40.00 | 420.00 | 460.00 | OK |
Version: 0.1.0
Check: package dependencies
Result: NOTE
Package suggested but not available for checking: ‘orthogene’
Flavors: r-devel-linux-x86_64-fedora-clang, r-devel-linux-x86_64-fedora-gcc, r-release-macos-arm64, r-release-macos-x86_64, r-oldrel-macos-arm64
Version: 0.1.0
Check: dependencies in R code
Result: NOTE
Namespace in Imports field not imported from: ‘fmsb’
All declared Imports should be used.
Flavors: r-devel-linux-x86_64-fedora-clang, r-devel-linux-x86_64-fedora-gcc
Version: 0.1.0
Check: Rd cross-references
Result: NOTE
Package unavailable to check Rd xrefs: ‘orthogene’
Flavors: r-devel-linux-x86_64-fedora-clang, r-devel-linux-x86_64-fedora-gcc, r-release-macos-arm64, r-release-macos-x86_64, r-oldrel-macos-arm64