Last updated on 2022-07-06 12:53:39 CEST.
Flavor | Version | Tinstall | Tcheck | Ttotal | Status | Flags |
---|---|---|---|---|---|---|
r-devel-linux-x86_64-debian-clang | 1.6-5 | 22.08 | 88.81 | 110.89 | OK | |
r-devel-linux-x86_64-debian-gcc | 1.6-5 | 18.11 | 67.83 | 85.94 | OK | |
r-devel-linux-x86_64-fedora-clang | 1.6-5 | 157.73 | NOTE | |||
r-devel-linux-x86_64-fedora-gcc | 1.6-5 | 156.76 | OK | |||
r-devel-windows-x86_64 | 1.6-5 | 65.00 | 333.00 | 398.00 | OK | |
r-patched-linux-x86_64 | 1.6-5 | 19.96 | 95.30 | 115.26 | OK | |
r-release-linux-x86_64 | 1.6-5 | 21.27 | 94.52 | 115.79 | OK | |
r-release-macos-arm64 | 1.6-5 | 86.00 | OK | |||
r-release-macos-x86_64 | 1.6-5 | 132.00 | OK | |||
r-release-windows-x86_64 | 1.6-5 | 58.00 | 145.00 | 203.00 | OK | |
r-oldrel-macos-arm64 | 1.6-5 | 87.00 | OK | |||
r-oldrel-macos-x86_64 | 1.6-5 | 135.00 | OK | |||
r-oldrel-windows-ix86+x86_64 | 1.6-5 | 59.00 | 150.00 | 209.00 | OK |
Version: 1.6-5
Check: Rd cross-references
Result: NOTE
Undeclared packages ‘logcondens’, ‘colorspace’ in Rd xrefs
Flavor: r-devel-linux-x86_64-fedora-clang