Last updated on 2025-09-30 12:51:46 CEST.
Flavor | Version | Tinstall | Tcheck | Ttotal | Status | Flags |
---|---|---|---|---|---|---|
r-devel-linux-x86_64-debian-clang | 0.0.2 | 117.17 | 69.01 | 186.18 | OK | |
r-devel-linux-x86_64-debian-gcc | 0.0.2 | 97.54 | 52.31 | 149.85 | OK | |
r-devel-linux-x86_64-fedora-clang | 0.0.2 | 298.46 | OK | |||
r-devel-linux-x86_64-fedora-gcc | 0.0.2 | 379.64 | OK | |||
r-devel-windows-x86_64 | 0.0.2 | 116.00 | 104.00 | 220.00 | OK | |
r-patched-linux-x86_64 | 0.0.2 | 135.17 | 66.25 | 201.42 | OK | |
r-release-linux-x86_64 | 0.0.2 | 129.88 | 66.73 | 196.61 | OK | |
r-release-macos-arm64 | 0.0.2 | 119.00 | OK | |||
r-release-macos-x86_64 | 0.0.2 | 201.00 | OK | |||
r-release-windows-x86_64 | 0.0.2 | 117.00 | 108.00 | 225.00 | OK | |
r-oldrel-macos-arm64 | 0.0.2 | 103.00 | NOTE | |||
r-oldrel-macos-x86_64 | 0.0.2 | 208.00 | NOTE | |||
r-oldrel-windows-x86_64 | 0.0.2 | 140.00 | 130.00 | 270.00 | NOTE |
Version: 0.0.2
Check: installed package size
Result: NOTE
installed size is 65.4Mb
sub-directories of 1Mb or more:
libs 65.0Mb
Flavors: r-oldrel-macos-arm64, r-oldrel-macos-x86_64, r-oldrel-windows-x86_64