Last updated on 2024-04-26 12:54:38 CEST.
Flavor | Version | Tinstall | Tcheck | Ttotal | Status | Flags |
---|---|---|---|---|---|---|
r-devel-linux-x86_64-debian-clang | 1.0 | 3.88 | 76.70 | 80.58 | OK | |
r-devel-linux-x86_64-debian-gcc | 1.0 | 2.74 | 53.41 | 56.15 | OK | |
r-devel-linux-x86_64-fedora-clang | 1.0 | 95.01 | NOTE | |||
r-devel-linux-x86_64-fedora-gcc | 1.0 | 103.07 | NOTE | |||
r-devel-windows-x86_64 | 1.0 | 4.00 | 78.00 | 82.00 | OK | |
r-patched-linux-x86_64 | 1.0 | 3.61 | 68.48 | 72.09 | OK | |
r-release-linux-x86_64 | 1.0 | 3.72 | 67.51 | 71.23 | OK | |
r-release-macos-arm64 | 1.0 | 35.00 | OK | |||
r-release-windows-x86_64 | 1.0 | 4.00 | 76.00 | 80.00 | OK | |
r-oldrel-macos-arm64 | 1.0 | 38.00 | OK | |||
r-oldrel-macos-x86_64 | 1.0 | 57.00 | OK | |||
r-oldrel-windows-x86_64 | 1.0 | 5.00 | 88.00 | 93.00 | OK |
Version: 1.0
Check: dependencies in R code
Result: NOTE
Namespaces in Imports field not imported from:
‘RColorBrewer’ ‘base’ ‘qpdf’
All declared Imports should be used.
Flavors: r-devel-linux-x86_64-fedora-clang, r-devel-linux-x86_64-fedora-gcc