Last updated on 2024-04-25 07:59:57 CEST.
Flavor | Version | Tinstall | Tcheck | Ttotal | Status | Flags |
---|---|---|---|---|---|---|
r-devel-linux-x86_64-debian-clang | 3.0.4 | 37.59 | 156.21 | 193.80 | NOTE | |
r-devel-linux-x86_64-debian-gcc | 3.0.4 | 23.26 | 111.40 | 134.66 | NOTE | |
r-devel-linux-x86_64-fedora-clang | 3.0.4 | 242.99 | NOTE | |||
r-devel-linux-x86_64-fedora-gcc | 3.0.4 | 234.86 | NOTE | |||
r-devel-windows-x86_64 | 3.0.4 | 31.00 | 150.00 | 181.00 | OK | |
r-patched-linux-x86_64 | 3.0.4 | 31.80 | 147.39 | 179.19 | OK | |
r-release-linux-x86_64 | 3.0.4 | 28.02 | 150.59 | 178.61 | OK | |
r-release-macos-arm64 | 3.0.4 | 57.00 | OK | |||
r-release-macos-x86_64 | 3.0.4 | 157.00 | OK | |||
r-release-windows-x86_64 | 3.0.4 | 34.00 | 146.00 | 180.00 | OK | |
r-oldrel-macos-arm64 | 3.0.4 | 67.00 | OK | |||
r-oldrel-macos-x86_64 | 3.0.4 | 129.00 | OK | |||
r-oldrel-windows-x86_64 | 3.0.4 | 38.00 | 180.00 | 218.00 | OK |
Version: 3.0.4
Check: compiled code
Result: NOTE
File ‘LipidMS/libs/LipidMS.so’:
Found non-API call to R: ‘SETLENGTH’
Compiled code should not call non-API entry points in R.
See ‘Writing portable packages’ in the ‘Writing R Extensions’ manual.
Flavors: r-devel-linux-x86_64-debian-clang, r-devel-linux-x86_64-debian-gcc, r-devel-linux-x86_64-fedora-clang, r-devel-linux-x86_64-fedora-gcc