CRAN Package Check Results for Package LeArEst

Last updated on 2022-07-01 11:52:03 CEST.

Flavor Version Tinstall Tcheck Ttotal Status Flags
r-devel-linux-x86_64-debian-clang 1.0.0 4.77 34.16 38.93 NOTE
r-devel-linux-x86_64-debian-gcc 1.0.0 3.67 25.29 28.96 NOTE
r-devel-linux-x86_64-fedora-clang 1.0.0 62.01 NOTE
r-devel-linux-x86_64-fedora-gcc 1.0.0 57.19 NOTE
r-devel-windows-x86_64 1.0.0 24.00 57.00 81.00 NOTE
r-patched-linux-x86_64 1.0.0 3.48 32.62 36.10 NOTE
r-release-linux-x86_64 1.0.0 3.70 32.25 35.95 NOTE
r-release-macos-arm64 1.0.0 18.00 NOTE
r-release-macos-x86_64 1.0.0 30.00 NOTE
r-release-windows-x86_64 1.0.0 21.00 57.00 78.00 NOTE
r-oldrel-macos-arm64 1.0.0 22.00 NOTE
r-oldrel-macos-x86_64 1.0.0 29.00 NOTE
r-oldrel-windows-ix86+x86_64 1.0.0 12.00 54.00 66.00 NOTE

Check Details

Version: 1.0.0
Check: LazyData
Result: NOTE
     'LazyData' is specified without a 'data' directory
Flavors: r-devel-linux-x86_64-debian-clang, r-devel-linux-x86_64-debian-gcc, r-devel-linux-x86_64-fedora-clang, r-devel-linux-x86_64-fedora-gcc, r-devel-windows-x86_64, r-patched-linux-x86_64, r-release-linux-x86_64, r-release-macos-arm64, r-release-macos-x86_64, r-release-windows-x86_64, r-oldrel-macos-arm64, r-oldrel-macos-x86_64, r-oldrel-windows-ix86+x86_64