Last updated on 2024-04-18 12:52:49 CEST.
Flavor | Version | Tinstall | Tcheck | Ttotal | Status | Flags |
---|---|---|---|---|---|---|
r-devel-linux-x86_64-debian-clang | 8.4 | 16.65 | 366.87 | 383.52 | NOTE | |
r-devel-linux-x86_64-debian-gcc | 8.4 | 9.57 | 309.98 | 319.55 | NOTE | |
r-devel-linux-x86_64-fedora-clang | 8.4 | 462.92 | NOTE | |||
r-devel-linux-x86_64-fedora-gcc | 8.4 | 448.79 | NOTE | |||
r-prerel-macos-arm64 | 8.4 | 168.00 | NOTE | |||
r-prerel-windows-x86_64 | 8.4 | 15.00 | 73.00 | 88.00 | NOTE | --no-examples --no-tests --no-vignettes |
r-patched-linux-x86_64 | 8.4 | 15.64 | 390.54 | 406.18 | NOTE | |
r-release-linux-x86_64 | 8.4 | 11.13 | 352.82 | 363.95 | NOTE | |
r-release-macos-arm64 | 8.4 | 223.00 | NOTE | |||
r-release-macos-x86_64 | 8.4 | 330.00 | NOTE | |||
r-release-windows-x86_64 | 8.4 | 18.00 | 66.00 | 84.00 | NOTE | --no-examples --no-tests --no-vignettes |
r-oldrel-macos-arm64 | 8.4 | 213.00 | OK | |||
r-oldrel-windows-x86_64 | 8.4 | 17.00 | 73.00 | 90.00 | OK | --no-examples --no-tests --no-vignettes |
Version: 8.4
Check: Rd files
Result: NOTE
checkRd: (-1) LKrig.MLE.Rd:114: Escaped LaTeX specials: \$ \$
checkRd: (-1) LKrig.MLE.Rd:115: Escaped LaTeX specials: \$
checkRd: (-1) VignetteExamples.Rd:25: Lost braces; missing escapes or markup?
25 | See Section 4 in the {LatticeKrig Vignette} for the use of these data.
| ^
Flavors: r-devel-linux-x86_64-debian-clang, r-devel-linux-x86_64-debian-gcc, r-devel-linux-x86_64-fedora-clang, r-devel-linux-x86_64-fedora-gcc, r-prerel-macos-arm64, r-patched-linux-x86_64
Version: 8.4
Flags: --no-examples --no-tests --no-vignettes
Check: Rd files
Result: NOTE
checkRd: (-1) LKrig.MLE.Rd:114: Escaped LaTeX specials: \$ \$
checkRd: (-1) LKrig.MLE.Rd:115: Escaped LaTeX specials: \$
checkRd: (-1) VignetteExamples.Rd:25: Lost braces; missing escapes or markup?
25 | See Section 4 in the {LatticeKrig Vignette} for the use of these data.
| ^
Flavor: r-prerel-windows-x86_64
Version: 8.4
Check: Rd files
Result: NOTE
checkRd: (-1) LKrig.MLE.Rd:114: Escaped LaTeX specials: \$ \$
checkRd: (-1) LKrig.MLE.Rd:115: Escaped LaTeX specials: \$
Flavors: r-release-linux-x86_64, r-release-macos-arm64, r-release-macos-x86_64
Version: 8.4
Flags: --no-examples --no-tests --no-vignettes
Check: Rd files
Result: NOTE
checkRd: (-1) LKrig.MLE.Rd:114: Escaped LaTeX specials: \$ \$
checkRd: (-1) LKrig.MLE.Rd:115: Escaped LaTeX specials: \$
Flavor: r-release-windows-x86_64