Last updated on 2024-04-18 12:52:49 CEST.
Flavor | Version | Tinstall | Tcheck | Ttotal | Status | Flags |
---|---|---|---|---|---|---|
r-devel-linux-x86_64-debian-clang | 1.0 | 45.66 | 131.67 | 177.33 | NOTE | |
r-devel-linux-x86_64-debian-gcc | 1.0 | 37.86 | 96.02 | 133.88 | NOTE | |
r-devel-linux-x86_64-fedora-clang | 1.0 | 234.11 | NOTE | |||
r-devel-linux-x86_64-fedora-gcc | 1.0 | 218.80 | NOTE | |||
r-prerel-macos-arm64 | 1.0 | 56.00 | NOTE | |||
r-prerel-windows-x86_64 | 1.0 | 37.00 | 118.00 | 155.00 | NOTE | |
r-patched-linux-x86_64 | 1.0 | 37.49 | 125.79 | 163.28 | NOTE | |
r-release-linux-x86_64 | 1.0 | 32.37 | 129.99 | 162.36 | NOTE | |
r-release-macos-arm64 | 1.0 | 68.00 | NOTE | |||
r-release-macos-x86_64 | 1.0 | 110.00 | NOTE | |||
r-release-windows-x86_64 | 1.0 | 49.00 | 152.00 | 201.00 | NOTE | |
r-oldrel-macos-arm64 | 1.0 | 60.00 | NOTE | |||
r-oldrel-windows-x86_64 | 1.0 | 48.00 | 153.00 | 201.00 | NOTE |
Version: 1.0
Check: C++ specification
Result: NOTE
Specified C++11: please drop specification unless essential
Flavors: r-devel-linux-x86_64-debian-clang, r-devel-linux-x86_64-debian-gcc, r-devel-linux-x86_64-fedora-clang, r-devel-linux-x86_64-fedora-gcc, r-prerel-macos-arm64, r-prerel-windows-x86_64, r-patched-linux-x86_64, r-release-linux-x86_64, r-release-macos-arm64, r-release-macos-x86_64, r-release-windows-x86_64
Version: 1.0
Check: LazyData
Result: NOTE
'LazyData' is specified without a 'data' directory
Flavors: r-devel-linux-x86_64-debian-clang, r-devel-linux-x86_64-debian-gcc, r-devel-linux-x86_64-fedora-clang, r-devel-linux-x86_64-fedora-gcc, r-prerel-macos-arm64, r-prerel-windows-x86_64, r-patched-linux-x86_64, r-release-linux-x86_64, r-release-macos-arm64, r-release-macos-x86_64, r-release-windows-x86_64, r-oldrel-macos-arm64, r-oldrel-windows-x86_64