Last updated on 2022-06-26 11:52:36 CEST.
Flavor | Version | Tinstall | Tcheck | Ttotal | Status | Flags |
---|---|---|---|---|---|---|
r-devel-linux-x86_64-debian-clang | 0.5.5 | 34.36 | 119.58 | 153.94 | OK | |
r-devel-linux-x86_64-debian-gcc | 0.5.5 | 30.54 | 89.31 | 119.85 | OK | |
r-devel-linux-x86_64-fedora-clang | 0.5.5 | 202.96 | OK | |||
r-devel-linux-x86_64-fedora-gcc | 0.5.5 | 196.52 | OK | |||
r-devel-windows-x86_64 | 0.5.5 | 88.00 | 154.00 | 242.00 | OK | |
r-patched-linux-x86_64 | 0.5.5 | 31.95 | 113.79 | 145.74 | OK | |
r-release-linux-x86_64 | 0.5.5 | 31.01 | 114.80 | 145.81 | OK | |
r-release-macos-arm64 | 0.5.5 | 53.00 | NOTE | |||
r-release-macos-x86_64 | 0.5.5 | 98.00 | OK | |||
r-release-windows-x86_64 | 0.5.5 | 81.00 | 139.00 | 220.00 | OK | |
r-oldrel-macos-arm64 | 0.5.5 | 58.00 | NOTE | |||
r-oldrel-macos-x86_64 | 0.5.5 | 88.00 | OK | |||
r-oldrel-windows-ix86+x86_64 | 0.5.5 | 76.00 | 180.00 | 256.00 | OK |
Version: 0.5.5
Check: package dependencies
Result: NOTE
Package suggested but not available for checking: ‘LTRCtrees’
Flavors: r-release-macos-arm64, r-oldrel-macos-arm64
Version: 0.5.5
Check: Rd cross-references
Result: NOTE
Package unavailable to check Rd xrefs: ‘LTRCtrees’
Flavors: r-release-macos-arm64, r-oldrel-macos-arm64