Last updated on 2025-04-29 12:52:40 CEST.
Flavor | Version | Tinstall | Tcheck | Ttotal | Status | Flags |
---|---|---|---|---|---|---|
r-devel-linux-x86_64-debian-clang | 1.2.1 | 2.30 | 30.50 | 32.80 | NOTE | |
r-devel-linux-x86_64-debian-gcc | 1.2.1 | 1.74 | 21.89 | 23.63 | NOTE | |
r-devel-linux-x86_64-fedora-clang | 1.2.1 | 51.65 | NOTE | |||
r-devel-linux-x86_64-fedora-gcc | 1.2.1 | 49.56 | NOTE | |||
r-devel-windows-x86_64 | 1.2.1 | 3.00 | 55.00 | 58.00 | NOTE | |
r-patched-linux-x86_64 | 1.2.1 | 2.43 | 29.12 | 31.55 | NOTE | |
r-release-linux-x86_64 | 1.2.1 | 2.38 | 28.89 | 31.27 | NOTE | |
r-release-macos-arm64 | 1.2.1 | 21.00 | NOTE | |||
r-release-macos-x86_64 | 1.2.1 | 39.00 | NOTE | |||
r-release-windows-x86_64 | 1.2.1 | 5.00 | 49.00 | 54.00 | NOTE | |
r-oldrel-macos-arm64 | 1.2.1 | 19.00 | NOTE | |||
r-oldrel-macos-x86_64 | 1.2.1 | 30.00 | NOTE | |||
r-oldrel-windows-x86_64 | 1.2.1 | 3.00 | 50.00 | 53.00 | NOTE |
Version: 1.2.1
Check: CRAN incoming feasibility
Result: NOTE
Maintainer: ‘Nikola Kasprikova <nikola.kasprikova@lf1.cuni.cz>’
No Authors@R field in DESCRIPTION.
Please add one, modifying
Authors@R: person(given = "Nikola",
family = "Kasprikova",
role = c("aut", "cre"),
email = "nikola.kasprikova@lf1.cuni.cz")
as necessary.
Flavors: r-devel-linux-x86_64-debian-clang, r-devel-linux-x86_64-debian-gcc
Version: 1.2.1
Check: Rd files
Result: NOTE
checkRd: (-1) k.Rd:27: Lost braces
27 | code{\link{ACSPlan-class}},
| ^
Flavors: r-devel-linux-x86_64-debian-clang, r-devel-linux-x86_64-debian-gcc, r-devel-linux-x86_64-fedora-clang, r-devel-linux-x86_64-fedora-gcc, r-devel-windows-x86_64, r-patched-linux-x86_64, r-release-linux-x86_64, r-release-macos-arm64, r-release-macos-x86_64, r-release-windows-x86_64, r-oldrel-macos-arm64, r-oldrel-macos-x86_64, r-oldrel-windows-x86_64
Version: 1.2.1
Check: examples
Result: NOTE
Examples with CPU (user + system) or elapsed time > 5s
user system elapsed
planAOQL 6.984 0 8.154
Flavor: r-devel-linux-x86_64-debian-clang