Last updated on 2022-06-29 11:52:13 CEST.
Flavor | Version | Tinstall | Tcheck | Ttotal | Status | Flags |
---|---|---|---|---|---|---|
r-devel-linux-x86_64-debian-clang | 1.0-3 | 16.75 | 130.36 | 147.11 | NOTE | |
r-devel-linux-x86_64-debian-gcc | 1.0-3 | 11.40 | 97.15 | 108.55 | NOTE | |
r-devel-linux-x86_64-fedora-clang | 1.0-3 | 184.90 | NOTE | |||
r-devel-linux-x86_64-fedora-gcc | 1.0-3 | 182.46 | NOTE | |||
r-devel-windows-x86_64 | 1.0-3 | 35.00 | 154.00 | 189.00 | OK | |
r-patched-linux-x86_64 | 1.0-3 | 15.57 | 120.28 | 135.85 | NOTE | |
r-release-linux-x86_64 | 1.0-3 | 11.27 | 122.57 | 133.84 | NOTE | |
r-release-macos-arm64 | 1.0-3 | 49.00 | NOTE | |||
r-release-macos-x86_64 | 1.0-3 | 72.00 | NOTE | |||
r-release-windows-x86_64 | 1.0-3 | 32.00 | 150.00 | 182.00 | OK | |
r-oldrel-macos-arm64 | 1.0-3 | 46.00 | NOTE | |||
r-oldrel-macos-x86_64 | 1.0-3 | 68.00 | NOTE | |||
r-oldrel-windows-ix86+x86_64 | 1.0-3 | 34.00 | 146.00 | 180.00 | OK |
Version: 1.0-3
Check: package dependencies
Result: NOTE
Package suggested but not available for checking: 'kerdiest'
Flavors: r-devel-linux-x86_64-debian-clang, r-devel-linux-x86_64-debian-gcc, r-patched-linux-x86_64, r-release-linux-x86_64
Version: 1.0-3
Check: package dependencies
Result: NOTE
Package suggested but not available for checking: ‘kerdiest’
Suggests orphaned package: ‘gtools’
Flavors: r-devel-linux-x86_64-fedora-clang, r-devel-linux-x86_64-fedora-gcc
Version: 1.0-3
Check: data for non-ASCII characters
Result: NOTE
Note: found 55 marked UTF-8 strings
Flavors: r-devel-linux-x86_64-fedora-clang, r-devel-linux-x86_64-fedora-gcc, r-release-macos-arm64, r-release-macos-x86_64, r-oldrel-macos-arm64, r-oldrel-macos-x86_64
Version: 1.0-3
Check: package dependencies
Result: NOTE
Package suggested but not available for checking: ‘miceadds’
Flavor: r-release-macos-arm64