Last updated on 2022-07-06 12:53:39 CEST.
Flavor | Version | Tinstall | Tcheck | Ttotal | Status | Flags |
---|---|---|---|---|---|---|
r-devel-linux-x86_64-debian-clang | 3.3 | 20.28 | 164.06 | 184.34 | OK | |
r-devel-linux-x86_64-debian-gcc | 3.3 | 15.24 | 118.19 | 133.43 | OK | |
r-devel-linux-x86_64-fedora-clang | 3.3 | 230.62 | OK | |||
r-devel-linux-x86_64-fedora-gcc | 3.3 | 223.13 | OK | |||
r-devel-windows-x86_64 | 3.3 | 26.00 | 176.00 | 202.00 | OK | |
r-patched-linux-x86_64 | 3.3 | 16.06 | 150.17 | 166.23 | NOTE | |
r-release-linux-x86_64 | 3.3 | 13.20 | 151.53 | 164.73 | NOTE | |
r-release-macos-arm64 | 3.3 | 66.00 | OK | |||
r-release-macos-x86_64 | 3.3 | 81.00 | OK | |||
r-release-windows-x86_64 | 3.3 | 30.00 | 181.00 | 211.00 | OK | |
r-oldrel-macos-arm64 | 3.3 | 55.00 | OK | |||
r-oldrel-macos-x86_64 | 3.3 | 81.00 | OK | |||
r-oldrel-windows-ix86+x86_64 | 3.3 | 42.00 | 172.00 | 214.00 | OK |
Version: 3.3
Check: DESCRIPTION meta-information
Result: NOTE
Dependence on R version ‘4.0.3’ not with patchlevel 0
Flavors: r-patched-linux-x86_64, r-release-linux-x86_64