Last updated on 2022-06-26 11:52:36 CEST.
Flavor | Version | Tinstall | Tcheck | Ttotal | Status | Flags |
---|---|---|---|---|---|---|
r-devel-linux-x86_64-debian-clang | 0.2.1 | 43.15 | 71.94 | 115.09 | OK | |
r-devel-linux-x86_64-debian-gcc | 0.2.1 | 33.59 | 50.77 | 84.36 | OK | |
r-devel-linux-x86_64-fedora-clang | 0.2.1 | 167.97 | OK | |||
r-devel-linux-x86_64-fedora-gcc | 0.2.1 | 154.71 | OK | |||
r-devel-windows-x86_64 | 0.2.1 | 67.00 | 272.00 | 339.00 | OK | |
r-patched-linux-x86_64 | 0.2.1 | 39.98 | 67.11 | 107.09 | OK | |
r-release-linux-x86_64 | 0.2.1 | 41.04 | 68.27 | 109.31 | OK | |
r-release-macos-arm64 | 0.2.1 | 89.00 | NOTE | |||
r-release-macos-x86_64 | 0.2.1 | 117.00 | NOTE | |||
r-release-windows-x86_64 | 0.2.1 | 61.00 | 270.00 | 331.00 | OK | |
r-oldrel-macos-arm64 | 0.2.1 | 87.00 | NOTE | |||
r-oldrel-macos-x86_64 | 0.2.1 | 114.00 | NOTE | |||
r-oldrel-windows-ix86+x86_64 | 0.2.1 | 99.00 | 464.00 | 563.00 | OK |
Version: 0.2.1
Check: installed package size
Result: NOTE
installed size is 6.2Mb
sub-directories of 1Mb or more:
libs 5.1Mb
Flavors: r-release-macos-arm64, r-release-macos-x86_64, r-oldrel-macos-arm64, r-oldrel-macos-x86_64