CRAN Package Check Results for Package LMfilteR

Last updated on 2022-07-06 12:53:38 CEST.

Flavor Version Tinstall Tcheck Ttotal Status Flags
r-devel-linux-x86_64-debian-clang 0.1.3 2.49 24.11 26.60 NOTE
r-devel-linux-x86_64-debian-gcc 0.1.3 2.19 18.58 20.77 NOTE
r-devel-linux-x86_64-fedora-clang 0.1.3 45.08 NOTE
r-devel-linux-x86_64-fedora-gcc 0.1.3 42.36 NOTE
r-devel-windows-x86_64 0.1.3 20.00 52.00 72.00 NOTE
r-patched-linux-x86_64 0.1.3 2.14 23.43 25.57 NOTE
r-release-linux-x86_64 0.1.3 2.07 23.05 25.12 NOTE
r-release-macos-arm64 0.1.3 15.00 NOTE
r-release-macos-x86_64 0.1.3 19.00 NOTE
r-release-windows-x86_64 0.1.3 16.00 50.00 66.00 NOTE
r-oldrel-macos-arm64 0.1.3 19.00 NOTE
r-oldrel-macos-x86_64 0.1.3 26.00 NOTE
r-oldrel-windows-ix86+x86_64 0.1.3 6.00 43.00 49.00 NOTE

Check Details

Version: 0.1.3
Check: LazyData
Result: NOTE
     'LazyData' is specified without a 'data' directory
Flavors: r-devel-linux-x86_64-debian-clang, r-devel-linux-x86_64-debian-gcc, r-devel-linux-x86_64-fedora-clang, r-devel-linux-x86_64-fedora-gcc, r-devel-windows-x86_64, r-patched-linux-x86_64, r-release-linux-x86_64, r-release-macos-arm64, r-release-macos-x86_64, r-release-windows-x86_64, r-oldrel-macos-arm64, r-oldrel-macos-x86_64, r-oldrel-windows-ix86+x86_64