Last updated on 2024-03-29 09:55:27 CET.
Flavor | Version | Tinstall | Tcheck | Ttotal | Status | Flags |
---|---|---|---|---|---|---|
r-devel-linux-x86_64-debian-clang | 1.1.3 | 55.65 | 75.69 | 131.34 | OK | |
r-devel-linux-x86_64-debian-gcc | 1.1.3 | 49.09 | 58.21 | 107.30 | OK | |
r-devel-linux-x86_64-fedora-clang | 1.1.3 | 187.65 | OK | |||
r-devel-linux-x86_64-fedora-gcc | 1.1.3 | 198.15 | OK | |||
r-devel-windows-x86_64 | 1.1.3 | 48.00 | 98.00 | 146.00 | OK | |
r-patched-linux-x86_64 | 1.1.3 | 63.30 | 74.71 | 138.01 | OK | |
r-release-linux-x86_64 | 1.1.3 | 56.03 | 75.27 | 131.30 | OK | |
r-release-macos-arm64 | 1.1.3 | 61.00 | NOTE | |||
r-release-macos-x86_64 | 1.1.3 | 89.00 | NOTE | |||
r-release-windows-x86_64 | 1.1.3 | 60.00 | 113.00 | 173.00 | OK | |
r-oldrel-macos-arm64 | 1.1.3 | 47.00 | NOTE | |||
r-oldrel-windows-x86_64 | 1.1.3 | 55.00 | 110.00 | 165.00 | OK |
Version: 1.1.3
Check: installed package size
Result: NOTE
installed size is 6.8Mb
sub-directories of 1Mb or more:
libs 6.4Mb
Flavors: r-release-macos-arm64, r-release-macos-x86_64, r-oldrel-macos-arm64