Last updated on 2024-04-24 11:20:55 CEST.
Flavor | Version | Tinstall | Tcheck | Ttotal | Status | Flags |
---|---|---|---|---|---|---|
r-devel-linux-x86_64-debian-clang | 3.0 | 12.07 | 118.92 | 130.99 | NOTE | |
r-devel-linux-x86_64-debian-gcc | 3.0 | 13.87 | 85.79 | 99.66 | NOTE | |
r-devel-linux-x86_64-fedora-clang | 3.0 | 167.23 | NOTE | |||
r-devel-linux-x86_64-fedora-gcc | 3.0 | 153.94 | NOTE | |||
r-devel-windows-x86_64 | 3.0 | 12.00 | 97.00 | 109.00 | NOTE | |
r-patched-linux-x86_64 | 3.0 | 10.41 | 113.59 | 124.00 | NOTE | |
r-release-linux-x86_64 | 3.0 | 11.50 | 113.72 | 125.22 | OK | |
r-release-macos-arm64 | 3.0 | 58.00 | OK | |||
r-release-windows-x86_64 | 3.0 | 12.00 | 99.00 | 111.00 | NOTE | |
r-oldrel-macos-arm64 | 3.0 | 54.00 | OK | |||
r-oldrel-macos-x86_64 | 3.0 | 93.00 | OK | |||
r-oldrel-windows-x86_64 | 3.0 | 18.00 | 124.00 | 142.00 | OK |
Version: 3.0
Check: Rd files
Result: NOTE
checkRd: (-1) relLik.Rd:16: Lost braces
16 | \item{AIC(x), BIC(x) }{The \code{AIC} or ]code{BIC} value of the first model object.}
| ^
checkRd: (-1) relLik.Rd:17: Lost braces
17 | \item{AIC(y), BIC(y) }{The \code{AIC} or ]code{BIC} value of the second model object.}
| ^
Flavors: r-devel-linux-x86_64-debian-clang, r-devel-linux-x86_64-debian-gcc, r-devel-linux-x86_64-fedora-clang, r-devel-linux-x86_64-fedora-gcc, r-devel-windows-x86_64, r-patched-linux-x86_64, r-release-windows-x86_64