Last updated on 2024-04-17 10:41:40 CEST.
Flavor | Version | Tinstall | Tcheck | Ttotal | Status | Flags |
---|---|---|---|---|---|---|
r-devel-linux-x86_64-debian-clang | 1.1.0 | 16.22 | 152.74 | 168.96 | NOTE | |
r-devel-linux-x86_64-debian-gcc | 1.1.0 | 12.21 | 112.86 | 125.07 | NOTE | |
r-devel-linux-x86_64-fedora-clang | 1.1.0 | 210.11 | NOTE | |||
r-devel-linux-x86_64-fedora-gcc | 1.1.0 | 213.01 | NOTE | |||
r-prerel-macos-arm64 | 1.1.0 | 61.00 | NOTE | |||
r-prerel-windows-x86_64 | 1.1.0 | 13.00 | 115.00 | 128.00 | NOTE | |
r-patched-linux-x86_64 | 1.1.0 | 13.99 | 148.19 | 162.18 | NOTE | |
r-release-linux-x86_64 | 1.1.0 | 12.92 | 153.10 | 166.02 | NOTE | |
r-release-macos-arm64 | 1.1.0 | 62.00 | NOTE | |||
r-release-macos-x86_64 | 1.1.0 | 102.00 | NOTE | |||
r-release-windows-x86_64 | 1.1.0 | 17.00 | 142.00 | 159.00 | NOTE | |
r-oldrel-macos-arm64 | 1.1.0 | 53.00 | NOTE | |||
r-oldrel-windows-x86_64 | 1.1.0 | 17.00 | 139.00 | 156.00 | NOTE |
Version: 1.1.0
Check: LazyData
Result: NOTE
'LazyData' is specified without a 'data' directory
Flavors: r-devel-linux-x86_64-debian-clang, r-devel-linux-x86_64-debian-gcc, r-devel-linux-x86_64-fedora-clang, r-devel-linux-x86_64-fedora-gcc, r-prerel-macos-arm64, r-prerel-windows-x86_64, r-patched-linux-x86_64, r-release-linux-x86_64, r-release-macos-arm64, r-release-macos-x86_64, r-release-windows-x86_64, r-oldrel-macos-arm64, r-oldrel-windows-x86_64