Last updated on 2024-08-31 11:49:32 CEST.
Flavor | Version | Tinstall | Tcheck | Ttotal | Status | Flags |
---|---|---|---|---|---|---|
r-devel-linux-x86_64-debian-clang | 1.3.3 | 5.82 | 73.42 | 79.24 | NOTE | |
r-devel-linux-x86_64-debian-gcc | 1.3.3 | 3.70 | 46.51 | 50.21 | NOTE | |
r-devel-linux-x86_64-fedora-clang | 1.3.3 | 133.51 | NOTE | |||
r-devel-linux-x86_64-fedora-gcc | 1.3.3 | 143.33 | NOTE | |||
r-devel-windows-x86_64 | 1.3.3 | 5.00 | 84.00 | 89.00 | NOTE | |
r-patched-linux-x86_64 | 1.3.3 | 5.62 | 67.87 | 73.49 | NOTE | |
r-release-linux-x86_64 | 1.3.3 | 4.41 | 67.53 | 71.94 | NOTE | |
r-release-macos-arm64 | 1.3.3 | 42.00 | NOTE | |||
r-release-macos-x86_64 | 1.3.3 | 60.00 | NOTE | |||
r-release-windows-x86_64 | 1.3.3 | 6.00 | 90.00 | 96.00 | NOTE | |
r-oldrel-macos-arm64 | 1.3.3 | 45.00 | NOTE | |||
r-oldrel-macos-x86_64 | 1.3.3 | 75.00 | NOTE | |||
r-oldrel-windows-x86_64 | 1.3.3 | 8.00 | 102.00 | 110.00 | NOTE |
Version: 1.3.3
Check: package subdirectories
Result: NOTE
Problems with news in ‘NEWS.md’:
No news entries found.
Flavors: r-devel-linux-x86_64-debian-clang, r-devel-linux-x86_64-debian-gcc, r-devel-linux-x86_64-fedora-clang, r-devel-linux-x86_64-fedora-gcc, r-devel-windows-x86_64, r-patched-linux-x86_64, r-release-linux-x86_64, r-release-macos-arm64, r-release-macos-x86_64, r-release-windows-x86_64, r-oldrel-macos-arm64, r-oldrel-macos-x86_64, r-oldrel-windows-x86_64
Version: 1.3.3
Check: Rd files
Result: NOTE
checkRd: (-1) dij.Rd:12: Lost braces; missing escapes or markup?
12 | \item{i}{A positive integer, which stands for the i^{th} row of \code{X}.}
| ^
checkRd: (-1) dij.Rd:14: Lost braces; missing escapes or markup?
14 | \item{j}{A positive integer, which stands for the j^{th} row of \code{X}. Both \code{i} and \code{j} should be in [1,nrow(X)] and they should not be equal to each other.}
| ^
checkRd: (-1) exchange.Rd:12: Lost braces; missing escapes or markup?
12 | \item{j}{A positive integer, which stands for the j^{th} column (or row) of \code{X}, and it should be within [1,ncol(X)] (or [1,nrow(X)]).}
| ^
Flavors: r-devel-linux-x86_64-debian-clang, r-devel-linux-x86_64-debian-gcc, r-devel-linux-x86_64-fedora-clang, r-devel-linux-x86_64-fedora-gcc, r-devel-windows-x86_64, r-patched-linux-x86_64, r-release-linux-x86_64, r-release-macos-arm64, r-release-macos-x86_64, r-release-windows-x86_64