CRAN Package Check Results for Package LFDR.MME

Last updated on 2025-04-29 12:52:40 CEST.

Flavor Version Tinstall Tcheck Ttotal Status Flags
r-devel-linux-x86_64-debian-clang 1.0 1.42 17.58 19.00 NOTE
r-devel-linux-x86_64-debian-gcc 1.0 1.21 14.44 15.65 NOTE
r-devel-linux-x86_64-fedora-clang 1.0 29.78 OK
r-devel-linux-x86_64-fedora-gcc 1.0 28.56 OK
r-devel-windows-x86_64 1.0 2.00 42.00 44.00 OK
r-patched-linux-x86_64 1.0 1.56 17.15 18.71 OK
r-release-linux-x86_64 1.0 1.51 16.95 18.46 OK
r-release-macos-arm64 1.0 14.00 OK
r-release-macos-x86_64 1.0 22.00 OK
r-release-windows-x86_64 1.0 2.00 41.00 43.00 OK
r-oldrel-macos-arm64 1.0 15.00 OK
r-oldrel-macos-x86_64 1.0 20.00 OK
r-oldrel-windows-x86_64 1.0 2.00 42.00 44.00 OK

Check Details

Version: 1.0
Check: CRAN incoming feasibility
Result: NOTE Maintainer: ‘Ali Karimnezhad <ali.karimnezhad@gmail.com>’ No Authors@R field in DESCRIPTION. Please add one, modifying Authors@R: person(given = "Ali", family = "Karimnezhad", role = c("aut", "cre"), email = "ali.karimnezhad@gmail.com") as necessary. Flavors: r-devel-linux-x86_64-debian-clang, r-devel-linux-x86_64-debian-gcc