CRAN Package Check Results for Package LEANR

Last updated on 2022-06-26 11:52:35 CEST.

Flavor Version Tinstall Tcheck Ttotal Status Flags
r-devel-linux-x86_64-debian-clang 1.4.9 7.29 121.04 128.33 OK
r-devel-linux-x86_64-debian-gcc 1.4.9 7.48 88.02 95.50 OK
r-devel-linux-x86_64-fedora-clang 1.4.9 168.32 OK
r-devel-linux-x86_64-fedora-gcc 1.4.9 157.60 OK
r-devel-windows-x86_64 1.4.9 24.00 156.00 180.00 NOTE
r-patched-linux-x86_64 1.4.9 8.79 113.69 122.48 OK
r-release-linux-x86_64 1.4.9 8.27 111.44 119.71 OK
r-release-macos-arm64 1.4.9 41.00 OK
r-release-macos-x86_64 1.4.9 59.00 OK
r-release-windows-x86_64 1.4.9 20.00 161.00 181.00 NOTE
r-oldrel-macos-arm64 1.4.9 52.00 OK
r-oldrel-macos-x86_64 1.4.9 87.00 OK
r-oldrel-windows-ix86+x86_64 1.4.9 14.00 141.00 155.00 NOTE

Check Details

Version: 1.4.9
Check: package dependencies
Result: NOTE
    Package suggested but not available for checking: 'doMC'
Flavors: r-devel-windows-x86_64, r-release-windows-x86_64, r-oldrel-windows-ix86+x86_64