Last updated on 2022-06-25 10:53:06 CEST.
Flavor | Version | Tinstall | Tcheck | Ttotal | Status | Flags |
---|---|---|---|---|---|---|
r-devel-linux-x86_64-debian-clang | 0.3.2 | 2.46 | 28.99 | 31.45 | NOTE | |
r-devel-linux-x86_64-debian-gcc | 0.3.2 | 2.44 | 22.33 | 24.77 | NOTE | |
r-devel-linux-x86_64-fedora-clang | 0.3.2 | 53.17 | NOTE | |||
r-devel-linux-x86_64-fedora-gcc | 0.3.2 | 49.59 | NOTE | |||
r-devel-windows-x86_64 | 0.3.2 | 15.00 | 61.00 | 76.00 | OK | |
r-patched-linux-x86_64 | 0.3.2 | 2.60 | 27.77 | 30.37 | NOTE | |
r-release-linux-x86_64 | 0.3.2 | 2.12 | 27.66 | 29.78 | NOTE | |
r-release-macos-arm64 | 0.3.2 | 18.00 | OK | |||
r-release-macos-x86_64 | 0.3.2 | 27.00 | OK | |||
r-release-windows-x86_64 | 0.3.2 | 17.00 | 64.00 | 81.00 | OK | |
r-oldrel-macos-arm64 | 0.3.2 | 22.00 | OK | |||
r-oldrel-macos-x86_64 | 0.3.2 | 35.00 | OK | |||
r-oldrel-windows-ix86+x86_64 | 0.3.2 | 7.00 | 44.00 | 51.00 | OK |
Version: 0.3.2
Check: package dependencies
Result: NOTE
Package suggested but not available for checking: 'mallet'
Flavors: r-devel-linux-x86_64-debian-clang, r-devel-linux-x86_64-debian-gcc, r-devel-linux-x86_64-fedora-clang, r-devel-linux-x86_64-fedora-gcc, r-patched-linux-x86_64, r-release-linux-x86_64