Last updated on 2024-04-23 10:54:07 CEST.
Flavor | Version | Tinstall | Tcheck | Ttotal | Status | Flags |
---|---|---|---|---|---|---|
r-devel-linux-x86_64-debian-clang | 1.7.0 | 2.11 | 35.85 | 37.96 | NOTE | |
r-devel-linux-x86_64-debian-gcc | 1.7.0 | 1.87 | 26.64 | 28.51 | NOTE | |
r-devel-linux-x86_64-fedora-clang | 1.7.0 | 47.58 | NOTE | |||
r-devel-linux-x86_64-fedora-gcc | 1.7.0 | 44.72 | NOTE | |||
r-prerel-macos-arm64 | 1.7.0 | 16.00 | OK | |||
r-prerel-windows-x86_64 | 1.7.0 | 4.00 | 49.00 | 53.00 | OK | |
r-patched-linux-x86_64 | 1.7.0 | 2.16 | 35.49 | 37.65 | NOTE | |
r-release-linux-x86_64 | 1.7.0 | 2.75 | 34.17 | 36.92 | NOTE | |
r-release-macos-arm64 | 1.7.0 | 19.00 | OK | |||
r-release-macos-x86_64 | 1.7.0 | 29.00 | OK | |||
r-release-windows-x86_64 | 1.7.0 | 4.00 | 50.00 | 54.00 | OK | |
r-oldrel-macos-arm64 | 1.7.0 | 19.00 | OK | |||
r-oldrel-windows-x86_64 | 1.7.0 | 6.00 | 56.00 | 62.00 | OK |
Version: 1.7.0
Check: for non-standard things in the check directory
Result: NOTE
Found the following files/directories:
‘temp.float.csv’ ‘temp.result.athena.csv’
Flavors: r-devel-linux-x86_64-debian-clang, r-devel-linux-x86_64-debian-gcc, r-devel-linux-x86_64-fedora-clang, r-devel-linux-x86_64-fedora-gcc, r-patched-linux-x86_64, r-release-linux-x86_64