CRAN Package Check Results for Package LCF

Last updated on 2022-08-07 09:54:01 CEST.

Flavor Version Tinstall Tcheck Ttotal Status Flags
r-devel-linux-x86_64-debian-clang 1.7.0 2.21 34.49 36.70 NOTE
r-devel-linux-x86_64-debian-gcc 1.7.0 2.17 26.03 28.20 NOTE
r-devel-linux-x86_64-fedora-clang 1.7.0 55.11 NOTE
r-devel-linux-x86_64-fedora-gcc 1.7.0 54.30 NOTE
r-devel-windows-x86_64 1.7.0 10.00 56.00 66.00 OK
r-patched-linux-x86_64 1.7.0 2.60 33.61 36.21 NOTE
r-release-linux-x86_64 1.7.0 2.10 34.24 36.34 NOTE
r-release-macos-arm64 1.7.0 18.00 OK
r-release-macos-x86_64 1.7.0 24.00 OK
r-release-windows-x86_64 1.7.0 6.00 56.00 62.00 OK
r-oldrel-macos-arm64 1.7.0 18.00 OK
r-oldrel-macos-x86_64 1.7.0 31.00 OK
r-oldrel-windows-ix86+x86_64 1.7.0 8.00 53.00 61.00 OK

Check Details

Version: 1.7.0
Check: for non-standard things in the check directory
Result: NOTE
    Found the following files/directories:
     'temp.float.csv' 'temp.result.athena.csv'
Flavors: r-devel-linux-x86_64-debian-clang, r-devel-linux-x86_64-debian-gcc, r-devel-linux-x86_64-fedora-clang, r-devel-linux-x86_64-fedora-gcc, r-patched-linux-x86_64, r-release-linux-x86_64