Last updated on 2025-04-29 12:52:39 CEST.
Flavor | Version | Tinstall | Tcheck | Ttotal | Status | Flags |
---|---|---|---|---|---|---|
r-devel-linux-x86_64-debian-clang | 1.0 | 2.73 | 64.80 | 67.53 | NOTE | |
r-devel-linux-x86_64-debian-gcc | 1.0 | 1.89 | 44.12 | 46.01 | NOTE | |
r-devel-linux-x86_64-fedora-clang | 1.0 | 109.60 | OK | |||
r-devel-linux-x86_64-fedora-gcc | 1.0 | 115.36 | OK | |||
r-devel-windows-x86_64 | 1.0 | 5.00 | 93.00 | 98.00 | OK | |
r-patched-linux-x86_64 | 1.0 | 2.96 | 62.03 | 64.99 | OK | |
r-release-linux-x86_64 | 1.0 | 2.43 | 60.43 | 62.86 | OK | |
r-release-macos-arm64 | 1.0 | 36.00 | OK | |||
r-release-macos-x86_64 | 1.0 | 74.00 | OK | |||
r-release-windows-x86_64 | 1.0 | 4.00 | 92.00 | 96.00 | OK | |
r-oldrel-macos-arm64 | 1.0 | 35.00 | OK | |||
r-oldrel-macos-x86_64 | 1.0 | 59.00 | OK | |||
r-oldrel-windows-x86_64 | 1.0 | 4.00 | 94.00 | 98.00 | OK |
Version: 1.0
Check: CRAN incoming feasibility
Result: NOTE
Maintainer: ‘Rui Lin <ruilin1081@gmail.com>’
The Description field contains
<arXiv:2208.13074>.
Please refer to arXiv e-prints via their arXiv DOI <doi:10.48550/arXiv.YYMM.NNNNN>.
Flavors: r-devel-linux-x86_64-debian-clang, r-devel-linux-x86_64-debian-gcc
Version: 1.0
Check: examples
Result: NOTE
Examples with CPU (user + system) or elapsed time > 5s
user system elapsed
test_existence 7.646 0.223 9.852
get_GS_MAinf 5.249 0.388 6.923
get_critical 5.017 0.413 7.060
est_hdchange 5.202 0.079 6.946
get_breaks 4.681 0.000 6.219
genZ 4.035 0.273 5.630
Flavor: r-devel-linux-x86_64-debian-clang
Version: 1.0
Check: examples
Result: NOTE
Examples with CPU (user + system) or elapsed time > 5s
user system elapsed
test_existence 4.825 0.185 5.778
get_GS_MAinf 3.996 0.396 5.452
Flavor: r-devel-linux-x86_64-debian-gcc