Last updated on 2022-06-30 11:53:11 CEST.
Flavor | Version | Tinstall | Tcheck | Ttotal | Status | Flags |
---|---|---|---|---|---|---|
r-devel-linux-x86_64-debian-clang | 0.2.1 | 5.74 | 67.25 | 72.99 | OK | |
r-devel-linux-x86_64-debian-gcc | 0.2.1 | 4.90 | 50.16 | 55.06 | OK | |
r-devel-linux-x86_64-fedora-clang | 0.2.1 | 101.94 | NOTE | |||
r-devel-linux-x86_64-fedora-gcc | 0.2.1 | 96.03 | NOTE | |||
r-devel-windows-x86_64 | 0.2.1 | 28.00 | 95.00 | 123.00 | OK | |
r-patched-linux-x86_64 | 0.2.1 | 6.56 | 62.63 | 69.19 | OK | |
r-release-linux-x86_64 | 0.2.1 | 5.85 | 62.18 | 68.03 | OK | |
r-release-macos-arm64 | 0.2.1 | 27.00 | NOTE | |||
r-release-macos-x86_64 | 0.2.1 | 51.00 | NOTE | |||
r-release-windows-x86_64 | 0.2.1 | 30.00 | 97.00 | 127.00 | OK | |
r-oldrel-macos-arm64 | 0.2.1 | 36.00 | NOTE | |||
r-oldrel-macos-x86_64 | 0.2.1 | 53.00 | NOTE | |||
r-oldrel-windows-ix86+x86_64 | 0.2.1 | 16.00 | 84.00 | 100.00 | OK |
Version: 0.2.1
Check: dependencies in R code
Result: NOTE
Namespaces in Imports field not imported from:
‘dplyr’ ‘tibble’
All declared Imports should be used.
Flavors: r-devel-linux-x86_64-fedora-clang, r-devel-linux-x86_64-fedora-gcc, r-release-macos-arm64, r-release-macos-x86_64, r-oldrel-macos-arm64, r-oldrel-macos-x86_64