Last updated on 2024-08-31 11:49:31 CEST.
Flavor | Version | Tinstall | Tcheck | Ttotal | Status | Flags |
---|---|---|---|---|---|---|
r-devel-linux-x86_64-debian-clang | 1.1.5 | 23.26 | 72.59 | 95.85 | NOTE | |
r-devel-linux-x86_64-debian-gcc | 1.1.5 | 17.74 | 48.96 | 66.70 | NOTE | |
r-devel-linux-x86_64-fedora-clang | 1.1.5 | 161.53 | NOTE | |||
r-devel-linux-x86_64-fedora-gcc | 1.1.5 | 178.81 | NOTE | |||
r-devel-windows-x86_64 | 1.1.5 | 27.00 | 108.00 | 135.00 | NOTE | |
r-patched-linux-x86_64 | 1.1.5 | 24.07 | 63.26 | 87.33 | NOTE | |
r-release-linux-x86_64 | 1.1.5 | 25.20 | 64.03 | 89.23 | NOTE | |
r-release-macos-arm64 | 1.1.5 | 49.00 | NOTE | |||
r-release-macos-x86_64 | 1.1.5 | 86.00 | NOTE | |||
r-release-windows-x86_64 | 1.1.5 | 29.00 | 115.00 | 144.00 | NOTE | |
r-oldrel-macos-arm64 | 1.1.5 | 58.00 | NOTE | |||
r-oldrel-macos-x86_64 | 1.1.5 | 91.00 | NOTE | |||
r-oldrel-windows-x86_64 | 1.1.5 | 31.00 | 129.00 | 160.00 | NOTE |
Version: 1.1.5
Check: C++ specification
Result: NOTE
Specified C++11: please drop specification unless essential
Flavors: r-devel-linux-x86_64-debian-clang, r-devel-linux-x86_64-debian-gcc, r-devel-linux-x86_64-fedora-clang, r-devel-linux-x86_64-fedora-gcc, r-devel-windows-x86_64, r-patched-linux-x86_64, r-release-linux-x86_64, r-release-macos-arm64, r-release-macos-x86_64, r-release-windows-x86_64, r-oldrel-macos-arm64, r-oldrel-macos-x86_64, r-oldrel-windows-x86_64