CRAN Package Check Results for Package KernelKnn

Last updated on 2022-06-25 10:53:06 CEST.

Flavor Version Tinstall Tcheck Ttotal Status Flags
r-devel-linux-x86_64-debian-clang 1.1.4 38.11 100.10 138.21 NOTE
r-devel-linux-x86_64-debian-gcc 1.1.4 26.14 72.47 98.61 NOTE
r-devel-linux-x86_64-fedora-clang 1.1.4 187.43 NOTE
r-devel-linux-x86_64-fedora-gcc 1.1.4 171.66 NOTE
r-devel-windows-x86_64 1.1.4 72.00 164.00 236.00 NOTE
r-patched-linux-x86_64 1.1.4 38.13 92.83 130.96 OK
r-release-linux-x86_64 1.1.4 33.13 91.28 124.41 OK
r-release-macos-arm64 1.1.4 50.00 OK
r-release-macos-x86_64 1.1.4 70.00 OK
r-release-windows-x86_64 1.1.4 55.00 166.00 221.00 OK
r-oldrel-macos-arm64 1.1.4 51.00 OK
r-oldrel-macos-x86_64 1.1.4 64.00 OK
r-oldrel-windows-ix86+x86_64 1.1.4 88.00 187.00 275.00 OK

Check Details

Version: 1.1.4
Check: Rd files
Result: NOTE
    checkRd: (-1) ionosphere.Rd:22: Escaped LaTeX specials: \&
    checkRd: (-1) ionosphere.Rd:32: Escaped LaTeX specials: \&
Flavors: r-devel-linux-x86_64-debian-clang, r-devel-linux-x86_64-debian-gcc, r-devel-linux-x86_64-fedora-clang, r-devel-linux-x86_64-fedora-gcc, r-devel-windows-x86_64