CRAN Package Check Results for Package Kendall

Last updated on 2024-03-02 11:49:35 CET.

Flavor Version Tinstall Tcheck Ttotal Status Flags
r-devel-linux-x86_64-debian-clang 2.2.1 3.10 26.67 29.77 OK
r-devel-linux-x86_64-debian-gcc 2.2.1 2.15 21.95 24.10 OK
r-devel-linux-x86_64-fedora-clang 2.2.1 36.57 NOTE
r-devel-linux-x86_64-fedora-gcc 2.2.1 36.94 NOTE
r-devel-windows-x86_64 2.2.1 5.00 48.00 53.00 OK
r-patched-linux-x86_64 2.2.1 2.73 28.04 30.77 OK
r-release-linux-x86_64 2.2.1 2.84 27.15 29.99 OK
r-release-macos-arm64 2.2.1 20.00 OK
r-release-macos-x86_64 2.2.1 24.00 OK
r-release-windows-x86_64 2.2.1 6.00 46.00 52.00 OK
r-oldrel-macos-arm64 2.2.1 19.00 OK
r-oldrel-windows-x86_64 2.2.1 6.00 52.00 58.00 OK

Check Details

Version: 2.2.1
Check: compiled code
Result: NOTE File ‘Kendall/libs/Kendall.so’: Found no calls to: ‘R_registerRoutines’, ‘R_useDynamicSymbols’ It is good practice to register native routines and to disable symbol search. See ‘Writing portable packages’ in the ‘Writing R Extensions’ manual. Flavors: r-devel-linux-x86_64-fedora-clang, r-devel-linux-x86_64-fedora-gcc