CRAN Package Check Results for Package KenSyn

Last updated on 2023-06-02 10:52:35 CEST.

Flavor Version Tinstall Tcheck Ttotal Status Flags
r-devel-linux-x86_64-debian-clang 0.3 2.54 21.11 23.65 OK
r-devel-linux-x86_64-debian-gcc 0.3 1.50 16.72 18.22 OK
r-devel-linux-x86_64-fedora-clang 0.3 30.63 NOTE
r-devel-linux-x86_64-fedora-gcc 0.3 30.80 NOTE
r-devel-windows-x86_64 0.3 4.00 41.00 45.00 OK
r-patched-linux-x86_64 0.3 OK
r-release-linux-x86_64 0.3 2.13 20.64 22.77 OK
r-release-macos-arm64 0.3 18.00 OK
r-release-macos-x86_64 0.3 19.00 OK
r-release-windows-x86_64 0.3 4.00 40.00 44.00 OK
r-oldrel-macos-arm64 0.3 15.00 NOTE
r-oldrel-macos-x86_64 0.3 24.00 NOTE
r-oldrel-windows-x86_64 0.3 4.00 42.00 46.00 OK

Check Details

Version: 0.3
Check: dependencies in R code
Result: NOTE
    Namespaces in Imports field not imported from:
     ‘lme4’ ‘metafor’ ‘nlme’
     All declared Imports should be used.
Flavors: r-devel-linux-x86_64-fedora-clang, r-devel-linux-x86_64-fedora-gcc, r-oldrel-macos-arm64, r-oldrel-macos-x86_64