CRAN Package Check Results for Package Kcop

Last updated on 2024-06-25 12:53:20 CEST.

Flavor Version Tinstall Tcheck Ttotal Status Flags
r-devel-linux-x86_64-debian-clang 1.0.0 2.83 36.90 39.73 OK
r-devel-linux-x86_64-debian-gcc 1.0.0 2.31 27.60 29.91 OK
r-devel-linux-x86_64-fedora-clang 1.0.0 48.72 NOTE
r-devel-linux-x86_64-fedora-gcc 1.0.0 45.84 NOTE
r-devel-windows-x86_64 1.0.0 4.00 54.00 58.00 OK
r-patched-linux-x86_64 1.0.0 3.10 33.85 36.95 OK
r-release-linux-x86_64 1.0.0 2.31 35.21 37.52 OK
r-release-macos-arm64 1.0.0 18.00 OK
r-release-macos-x86_64 1.0.0 28.00 OK
r-release-windows-x86_64 1.0.0 4.00 53.00 57.00 OK
r-oldrel-macos-arm64 1.0.0 22.00 OK
r-oldrel-macos-x86_64 1.0.0 26.00 OK
r-oldrel-windows-x86_64 1.0.0 4.00 54.00 58.00 OK

Check Details

Version: 1.0.0
Check: dependencies in R code
Result: NOTE Namespace in Imports field not imported from: ‘base’ All declared Imports should be used. Flavors: r-devel-linux-x86_64-fedora-clang, r-devel-linux-x86_64-fedora-gcc