Last updated on 2024-04-20 11:50:17 CEST.
Flavor | Version | Tinstall | Tcheck | Ttotal | Status | Flags |
---|---|---|---|---|---|---|
r-devel-linux-x86_64-debian-clang | 0.1.1 | 2.83 | 149.50 | 152.33 | OK | |
r-devel-linux-x86_64-debian-gcc | 0.1.1 | 2.80 | 106.94 | 109.74 | OK | |
r-devel-linux-x86_64-fedora-clang | 0.1.1 | 184.76 | NOTE | |||
r-devel-linux-x86_64-fedora-gcc | 0.1.1 | 188.41 | NOTE | |||
r-prerel-macos-arm64 | 0.1.1 | 53.00 | OK | |||
r-prerel-windows-x86_64 | 0.1.1 | 5.00 | 134.00 | 139.00 | OK | |
r-patched-linux-x86_64 | 0.1.1 | 2.46 | 145.34 | 147.80 | OK | |
r-release-linux-x86_64 | 0.1.1 | 3.38 | 142.60 | 145.98 | OK | |
r-release-macos-arm64 | 0.1.1 | 61.00 | OK | |||
r-release-macos-x86_64 | 0.1.1 | 81.00 | OK | |||
r-release-windows-x86_64 | 0.1.1 | 6.00 | 164.00 | 170.00 | OK | |
r-oldrel-macos-arm64 | 0.1.1 | 50.00 | NOTE | |||
r-oldrel-windows-x86_64 | 0.1.1 | 7.00 | 159.00 | 166.00 | OK |
Version: 0.1.1
Check: dependencies in R code
Result: NOTE
Namespaces in Imports field not imported from:
‘Superpower’ ‘pwr’ ‘shinydashboard’
All declared Imports should be used.
Flavors: r-devel-linux-x86_64-fedora-clang, r-devel-linux-x86_64-fedora-gcc, r-oldrel-macos-arm64